CRAN Package Check Results for Package graphhopper

Last updated on 2022-07-02 05:50:58 CEST.

Flavor Version Tinstall Tcheck Ttotal Status Flags
r-devel-linux-x86_64-debian-clang 0.1.2 2.23 28.60 30.83 NOTE
r-devel-linux-x86_64-debian-gcc 0.1.2 1.81 22.06 23.87 NOTE
r-devel-linux-x86_64-fedora-clang 0.1.2 47.41 NOTE
r-devel-linux-x86_64-fedora-gcc 0.1.2 56.89 NOTE
r-devel-windows-x86_64 0.1.2 56.00 67.00 123.00 NOTE
r-patched-linux-x86_64 0.1.2 2.78 27.38 30.16 NOTE
r-release-linux-x86_64 0.1.2 2.03 27.63 29.66 NOTE
r-release-macos-arm64 0.1.2 24.00 NOTE
r-release-macos-x86_64 0.1.2 38.00 NOTE
r-release-windows-x86_64 0.1.2 5.00 65.00 70.00 NOTE
r-oldrel-macos-arm64 0.1.2 27.00 NOTE
r-oldrel-macos-x86_64 0.1.2 48.00 NOTE
r-oldrel-windows-ix86+x86_64 0.1.2 6.00 54.00 60.00 NOTE

Check Details

Version: 0.1.2
Check: LazyData
Result: NOTE
     'LazyData' is specified without a 'data' directory
Flavors: r-devel-linux-x86_64-debian-clang, r-devel-linux-x86_64-debian-gcc, r-devel-linux-x86_64-fedora-clang, r-devel-linux-x86_64-fedora-gcc, r-devel-windows-x86_64, r-patched-linux-x86_64, r-release-linux-x86_64, r-release-macos-arm64, r-release-macos-x86_64, r-release-windows-x86_64, r-oldrel-macos-arm64, r-oldrel-macos-x86_64, r-oldrel-windows-ix86+x86_64