Last updated on 2022-08-14 21:53:11 CEST.
Flavor | Version | Tinstall | Tcheck | Ttotal | Status | Flags |
---|---|---|---|---|---|---|
r-devel-linux-x86_64-debian-clang | 1.0.0 | 3.41 | 37.74 | 41.15 | NOTE | |
r-devel-linux-x86_64-debian-gcc | 1.0.0 | 2.60 | 28.06 | 30.66 | NOTE | |
r-devel-linux-x86_64-fedora-clang | 1.0.0 | 57.68 | NOTE | |||
r-devel-linux-x86_64-fedora-gcc | 1.0.0 | 56.43 | NOTE | |||
r-devel-windows-x86_64 | 1.0.0 | 17.00 | 59.00 | 76.00 | NOTE | |
r-patched-linux-x86_64 | 1.0.0 | 3.64 | 35.26 | 38.90 | NOTE | |
r-release-linux-x86_64 | 1.0.0 | 3.25 | 34.81 | 38.06 | NOTE | |
r-release-macos-arm64 | 1.0.0 | 18.00 | NOTE | |||
r-release-macos-x86_64 | 1.0.0 | 38.00 | NOTE | |||
r-release-windows-x86_64 | 1.0.0 | 23.00 | 62.00 | 85.00 | NOTE | |
r-oldrel-macos-arm64 | 1.0.0 | 25.00 | NOTE | |||
r-oldrel-macos-x86_64 | 1.0.0 | 32.00 | NOTE | |||
r-oldrel-windows-ix86+x86_64 | 1.0.0 | 8.00 | 56.00 | 64.00 | NOTE |
Version: 1.0.0
Check: LazyData
Result: NOTE
'LazyData' is specified without a 'data' directory
Flavors: r-devel-linux-x86_64-debian-clang, r-devel-linux-x86_64-debian-gcc, r-devel-linux-x86_64-fedora-clang, r-devel-linux-x86_64-fedora-gcc, r-devel-windows-x86_64, r-patched-linux-x86_64, r-release-linux-x86_64, r-release-macos-arm64, r-release-macos-x86_64, r-release-windows-x86_64, r-oldrel-macos-arm64, r-oldrel-macos-x86_64, r-oldrel-windows-ix86+x86_64