CRAN Package Check Results for Package grImport2

Last updated on 2021-09-20 04:58:14 CEST.

Flavor Version Tinstall Tcheck Ttotal Status Flags
r-devel-linux-x86_64-debian-clang 0.2-0 5.67 59.49 65.16 OK
r-devel-linux-x86_64-debian-gcc 0.2-0 4.58 45.10 49.68 OK
r-devel-linux-x86_64-fedora-clang 0.2-0 85.92 OK
r-devel-linux-x86_64-fedora-gcc 0.2-0 75.11 OK
r-devel-windows-x86_64 0.2-0 8.00 61.00 69.00 OK
r-devel-windows-x86_64-gcc10-UCRT 0.2-0 ERROR
r-patched-linux-x86_64 0.2-0 5.95 56.65 62.60 OK
r-patched-solaris-x86 0.2-0 108.90 NOTE
r-release-linux-x86_64 0.2-0 5.64 56.93 62.57 OK
r-release-macos-arm64 0.2-0 OK
r-release-macos-x86_64 0.2-0 OK
r-release-windows-ix86+x86_64 0.2-0 12.00 61.00 73.00 OK
r-oldrel-macos-x86_64 0.2-0 OK
r-oldrel-windows-ix86+x86_64 0.2-0 12.00 55.00 67.00 OK

Check Details

Version: 0.2-0
Check: package dependencies
Result: ERROR
    Package required but not available: 'XML'
    
    Package suggested but not available for checking: 'gridSVG'
    
    See section 'The DESCRIPTION file' in the 'Writing R Extensions'
    manual.
Flavor: r-devel-windows-x86_64-gcc10-UCRT

Version: 0.2-0
Check: package dependencies
Result: NOTE
    Package suggested but not available for checking: ‘rsvg’
Flavor: r-patched-solaris-x86