CRAN Package Check Results for Package gpclib

Last updated on 2021-09-21 16:51:24 CEST.

Flavor Version Tinstall Tcheck Ttotal Status Flags
r-devel-linux-x86_64-debian-clang 1.5-6 6.06 27.44 33.50 OK
r-devel-linux-x86_64-debian-gcc 1.5-6 5.19 21.67 26.86 OK
r-devel-linux-x86_64-fedora-clang 1.5-6 50.09 OK
r-devel-linux-x86_64-fedora-gcc 1.5-6 40.20 OK
r-devel-windows-x86_64 1.5-6 9.00 41.00 50.00 OK
r-devel-windows-x86_64-gcc10-UCRT 1.5-6 ERROR
r-patched-linux-x86_64 1.5-6 6.61 26.27 32.88 OK
r-patched-solaris-x86 1.5-6 58.20 OK
r-release-linux-x86_64 1.5-6 5.56 26.40 31.96 OK
r-release-macos-arm64 1.5-6 OK
r-release-macos-x86_64 1.5-6 OK
r-release-windows-ix86+x86_64 1.5-6 20.00 51.00 71.00 OK
r-oldrel-macos-x86_64 1.5-6 OK
r-oldrel-windows-ix86+x86_64 1.5-6 22.00 54.00 76.00 OK

Check Details

Version: 1.5-6
Check: whether package can be installed
Result: ERROR
    Installation failed.
Flavor: r-devel-windows-x86_64-gcc10-UCRT