CRAN Package Check Results for Package googlenlp

Last updated on 2022-01-29 00:48:42 CET.

Flavor Version Tinstall Tcheck Ttotal Status Flags
r-devel-linux-x86_64-debian-clang 0.2.0 5.35 57.77 63.12 NOTE
r-devel-linux-x86_64-debian-gcc 0.2.0 4.45 42.91 47.36 NOTE
r-devel-linux-x86_64-fedora-clang 0.2.0 67.45 NOTE
r-devel-linux-x86_64-fedora-gcc 0.2.0 57.59 NOTE
r-devel-windows-x86_64-new-UL 0.2.0 29.00 75.00 104.00 NOTE
r-devel-windows-x86_64-new-TK 0.2.0 NOTE
r-patched-linux-x86_64 0.2.0 3.40 48.31 51.71 NOTE
r-release-linux-x86_64 0.2.0 3.83 48.25 52.08 NOTE
r-release-macos-arm64 0.2.0 NOTE
r-release-macos-x86_64 0.2.0 NOTE
r-release-windows-ix86+x86_64 0.2.0 12.00 60.00 72.00 NOTE
r-oldrel-macos-x86_64 0.2.0 OK
r-oldrel-windows-ix86+x86_64 0.2.0 12.00 60.00 72.00 OK

Check Details

Version: 0.2.0
Check: LazyData
Result: NOTE
     'LazyData' is specified without a 'data' directory
Flavors: r-devel-linux-x86_64-debian-clang, r-devel-linux-x86_64-debian-gcc, r-devel-linux-x86_64-fedora-clang, r-devel-linux-x86_64-fedora-gcc, r-devel-windows-x86_64-new-UL, r-devel-windows-x86_64-new-TK, r-patched-linux-x86_64, r-release-linux-x86_64, r-release-macos-arm64, r-release-macos-x86_64, r-release-windows-ix86+x86_64