CRAN Package Check Results for Package gmp

Last updated on 2021-06-15 09:52:48 CEST.

Flavor Version Tinstall Tcheck Ttotal Status Flags
r-devel-linux-x86_64-debian-clang 0.6-2 28.92 43.94 72.86 OK
r-devel-linux-x86_64-debian-gcc 0.6-2 20.21 34.23 54.44 OK
r-devel-linux-x86_64-fedora-clang 0.6-2 109.41 NOTE
r-devel-linux-x86_64-fedora-gcc 0.6-2 89.26 OK
r-devel-windows-x86_64 0.6-2 37.00 78.00 115.00 OK
r-devel-windows-x86_64-gcc10-UCRT 0.6-2 OK
r-patched-linux-x86_64 0.6-2 25.11 42.89 68.00 OK
r-patched-solaris-x86 0.6-2 129.20 OK
r-release-linux-x86_64 0.6-2 23.38 42.86 66.24 OK
r-release-macos-arm64 0.6-2 OK
r-release-macos-x86_64 0.6-2 OK
r-release-windows-ix86+x86_64 0.6-2 74.00 95.00 169.00 OK
r-oldrel-macos-x86_64 0.6-2 OK
r-oldrel-windows-ix86+x86_64 0.6-2 59.00 100.00 159.00 OK

Check Details

Version: 0.6-2
Check: Rd cross-references
Result: NOTE
    Undeclared package ‘sfsmisc’ in Rd xrefs
Flavor: r-devel-linux-x86_64-fedora-clang