CRAN Package Check Results for Package gmnl

Last updated on 2021-10-20 16:50:36 CEST.

Flavor Version Tinstall Tcheck Ttotal Status Flags
r-devel-linux-x86_64-debian-clang 1.1-3.2 13.62 100.60 114.22 OK
r-devel-linux-x86_64-debian-gcc 1.1-3.2 10.98 76.19 87.17 OK
r-devel-linux-x86_64-fedora-clang 1.1-3.2 145.65 NOTE
r-devel-linux-x86_64-fedora-gcc 1.1-3.2 132.14 OK
r-devel-windows-x86_64 1.1-3.2 20.00 121.00 141.00 OK
r-devel-windows-x86_64-gcc10-UCRT 1.1-3.2 OK
r-patched-linux-x86_64 1.1-3.2 12.78 94.75 107.53 OK
r-patched-solaris-x86 1.1-3.2 187.90 OK
r-release-linux-x86_64 1.1-3.2 10.06 96.65 106.71 OK
r-release-macos-arm64 1.1-3.2 OK
r-release-macos-x86_64 1.1-3.2 OK
r-release-windows-ix86+x86_64 1.1-3.2 31.00 120.00 151.00 OK
r-oldrel-macos-x86_64 1.1-3.2 OK
r-oldrel-windows-ix86+x86_64 1.1-3.2 29.00 125.00 154.00 OK

Check Details

Version: 1.1-3.2
Check: Rd cross-references
Result: NOTE
    Undeclared package ‘sandwich’ in Rd xrefs
Flavor: r-devel-linux-x86_64-fedora-clang