CRAN Package Check Results for Package gmeta

Last updated on 2021-09-20 16:50:33 CEST.

Flavor Version Tinstall Tcheck Ttotal Status Flags
r-devel-linux-x86_64-debian-clang 2.3-1 9.93 44.47 54.40 OK
r-devel-linux-x86_64-debian-gcc 2.3-1 8.49 33.24 41.73 OK
r-devel-linux-x86_64-fedora-clang 2.3-1 75.33 OK
r-devel-linux-x86_64-fedora-gcc 2.3-1 64.54 OK
r-devel-windows-x86_64 2.3-1 16.00 45.00 61.00 OK
r-devel-windows-x86_64-gcc10-UCRT 2.3-1 ERROR
r-patched-linux-x86_64 2.3-1 10.07 43.79 53.86 OK
r-patched-solaris-x86 2.3-1 87.00 OK
r-release-linux-x86_64 2.3-1 9.52 43.80 53.32 OK
r-release-macos-arm64 2.3-1 OK
r-release-macos-x86_64 2.3-1 OK
r-release-windows-ix86+x86_64 2.3-1 26.00 56.00 82.00 OK
r-oldrel-macos-x86_64 2.3-1 OK
r-oldrel-windows-ix86+x86_64 2.3-1 24.00 58.00 82.00 OK

Check Details

Version: 2.3-1
Check: whether package can be installed
Result: ERROR
    Installation failed.
Flavor: r-devel-windows-x86_64-gcc10-UCRT