Last updated on 2022-08-11 21:50:05 CEST.
Flavor | Version | Tinstall | Tcheck | Ttotal | Status | Flags |
---|---|---|---|---|---|---|
r-devel-linux-x86_64-debian-clang | 0.0.112 | 13.44 | 70.50 | 83.94 | OK | |
r-devel-linux-x86_64-debian-gcc | 0.0.112 | 7.75 | 52.84 | 60.59 | OK | |
r-devel-linux-x86_64-fedora-clang | 0.0.112 | 108.46 | NOTE | |||
r-devel-linux-x86_64-fedora-gcc | 0.0.112 | 107.19 | NOTE | |||
r-devel-windows-x86_64 | 0.0.112 | 86.00 | 93.00 | 179.00 | OK | |
r-patched-linux-x86_64 | 0.0.112 | 9.44 | 68.09 | 77.53 | OK | |
r-release-linux-x86_64 | 0.0.112 | 8.18 | 67.85 | 76.03 | OK | |
r-release-macos-arm64 | 0.0.112 | 34.00 | NOTE | |||
r-release-macos-x86_64 | 0.0.112 | 59.00 | NOTE | |||
r-release-windows-x86_64 | 0.0.112 | 92.00 | 94.00 | 186.00 | OK | |
r-oldrel-macos-arm64 | 0.0.112 | 26.00 | NOTE | |||
r-oldrel-macos-x86_64 | 0.0.112 | 46.00 | NOTE | |||
r-oldrel-windows-ix86+x86_64 | 0.0.112 | 23.00 | 86.00 | 109.00 | OK |
Version: 0.0.112
Check: dependencies in R code
Result: NOTE
Namespace in Imports field not imported from: ‘rnaturalearthdata’
All declared Imports should be used.
Flavors: r-devel-linux-x86_64-fedora-clang, r-devel-linux-x86_64-fedora-gcc, r-release-macos-arm64, r-release-macos-x86_64, r-oldrel-macos-arm64, r-oldrel-macos-x86_64
Version: 0.0.112
Check: data for non-ASCII characters
Result: NOTE
Note: found 1191 marked UTF-8 strings
Flavors: r-devel-linux-x86_64-fedora-clang, r-devel-linux-x86_64-fedora-gcc, r-release-macos-arm64, r-release-macos-x86_64, r-oldrel-macos-arm64, r-oldrel-macos-x86_64