CRAN Package Check Results for Package glmnetUtils

Last updated on 2022-07-02 05:50:58 CEST.

Flavor Version Tinstall Tcheck Ttotal Status Flags
r-devel-linux-x86_64-debian-clang 1.1.8 8.29 430.49 438.78 OK
r-devel-linux-x86_64-debian-gcc 1.1.8 7.15 314.72 321.87 OK
r-devel-linux-x86_64-fedora-clang 1.1.8 495.03 OK
r-devel-linux-x86_64-fedora-gcc 1.1.8 508.49 OK
r-devel-windows-x86_64 1.1.8 24.00 431.00 455.00 OK
r-patched-linux-x86_64 1.1.8 8.76 407.32 416.08 OK
r-release-linux-x86_64 1.1.8 7.56 408.75 416.31 OK
r-release-macos-arm64 1.1.8 132.00 OK
r-release-macos-x86_64 1.1.8 175.00 OK
r-release-windows-x86_64 1.1.8 27.00 426.00 453.00 OK
r-oldrel-macos-arm64 1.1.8 160.00 OK
r-oldrel-macos-x86_64 1.1.8 1803.00 OK
r-oldrel-windows-ix86+x86_64 1.1.8 19.00 429.00 448.00 WARN

Check Details

Version: 1.1.8
Check: re-building of vignette outputs
Result: WARN
    Error(s) in re-building vignettes:
    --- re-building 'intro.rmd' using rmarkdown
    trying URL 'https://web.stanford.edu/~hastie/glmnet/glmnetData/Leukemia.RData'
    Quitting from lines 167-173 (intro.rmd)
    Error: processing vignette 'intro.rmd' failed with diagnostics:
    cannot open URL 'https://web.stanford.edu/~hastie/glmnet/glmnetData/Leukemia.RData'
    --- failed re-building 'intro.rmd'
    
    SUMMARY: processing the following file failed:
     'intro.rmd'
    
    Error: Vignette re-building failed.
    Execution halted
Flavor: r-oldrel-windows-ix86+x86_64