Last updated on 2023-03-30 05:49:10 CEST.
Flavor | Version | Tinstall | Tcheck | Ttotal | Status | Flags |
---|---|---|---|---|---|---|
r-devel-linux-x86_64-debian-clang | 0.2.5 | 53.80 | 82.37 | 136.17 | OK | |
r-devel-linux-x86_64-debian-gcc | 0.2.5 | 40.18 | 63.76 | 103.94 | OK | |
r-devel-linux-x86_64-fedora-clang | 0.2.5 | 172.05 | OK | |||
r-devel-linux-x86_64-fedora-gcc | 0.2.5 | 167.56 | OK | |||
r-devel-windows-x86_64 | 0.2.5 | 60.00 | 0.00 | 60.00 | OK | |
r-patched-linux-x86_64 | 0.2.5 | 44.13 | 79.84 | 123.97 | OK | |
r-release-linux-x86_64 | 0.2.5 | 42.44 | 75.84 | 118.28 | OK | |
r-release-macos-arm64 | 0.2.5 | 43.00 | NOTE | |||
r-release-macos-x86_64 | 0.2.5 | 67.00 | NOTE | |||
r-release-windows-x86_64 | 0.2.5 | 50.00 | 129.00 | 179.00 | OK | |
r-oldrel-macos-arm64 | 0.2.5 | 42.00 | NOTE | |||
r-oldrel-macos-x86_64 | 0.2.5 | 66.00 | NOTE | |||
r-oldrel-windows-ix86+x86_64 | 0.2.5 | 104.00 | 159.00 | 263.00 | OK |
Version: 0.2.5
Check: installed package size
Result: NOTE
installed size is 10.1Mb
sub-directories of 1Mb or more:
libs 9.8Mb
Flavors: r-release-macos-arm64, r-release-macos-x86_64, r-oldrel-macos-arm64, r-oldrel-macos-x86_64