Last updated on 2022-08-13 09:54:25 CEST.
Flavor | Version | Tinstall | Tcheck | Ttotal | Status | Flags |
---|---|---|---|---|---|---|
r-devel-linux-x86_64-debian-clang | 1.3.1 | 287.49 | 284.47 | 571.96 | OK | |
r-devel-linux-x86_64-debian-gcc | 1.3.1 | 242.74 | 209.36 | 452.10 | OK | |
r-devel-linux-x86_64-fedora-clang | 1.3.1 | 682.16 | OK | |||
r-devel-linux-x86_64-fedora-gcc | 1.3.1 | 792.61 | OK | |||
r-devel-windows-x86_64 | 1.3.1 | 164.00 | 297.00 | 461.00 | NOTE | |
r-patched-linux-x86_64 | 1.3.1 | 232.95 | 245.39 | 478.34 | OK | |
r-release-linux-x86_64 | 1.3.1 | 244.98 | 246.72 | 491.70 | OK | |
r-release-macos-arm64 | 1.3.1 | 164.00 | NOTE | |||
r-release-macos-x86_64 | 1.3.1 | 217.00 | NOTE | |||
r-release-windows-x86_64 | 1.3.1 | 159.00 | 334.00 | 493.00 | NOTE | |
r-oldrel-macos-arm64 | 1.3.1 | 182.00 | NOTE | |||
r-oldrel-macos-x86_64 | 1.3.1 | 204.00 | NOTE | |||
r-oldrel-windows-ix86+x86_64 | 1.3.1 | 526.00 | 489.00 | 1015.00 | NOTE |
Version: 1.3.1
Check: installed package size
Result: NOTE
installed size is 14.5Mb
sub-directories of 1Mb or more:
libs 13.8Mb
Flavors: r-devel-windows-x86_64, r-release-macos-arm64, r-release-macos-x86_64, r-release-windows-x86_64, r-oldrel-macos-arm64, r-oldrel-macos-x86_64, r-oldrel-windows-ix86+x86_64