CRAN Package Check Results for Package glamlasso

Last updated on 2022-01-28 00:48:56 CET.

Flavor Version Tinstall Tcheck Ttotal Status Flags
r-devel-linux-x86_64-debian-clang 3.0.1 128.60 41.53 170.13 OK
r-devel-linux-x86_64-debian-gcc 3.0.1 106.92 32.76 139.68 OK
r-devel-linux-x86_64-fedora-clang 3.0.1 260.40 NOTE
r-devel-linux-x86_64-fedora-gcc 3.0.1 186.25 OK
r-devel-windows-x86_64-new-UL 3.0.1 92.00 83.00 175.00 OK
r-devel-windows-x86_64-new-TK 3.0.1 OK
r-patched-linux-x86_64 3.0.1 92.85 40.51 133.36 OK
r-release-linux-x86_64 3.0.1 86.34 39.52 125.86 OK
r-release-macos-arm64 3.0.1 NOTE
r-release-macos-x86_64 3.0.1 NOTE
r-release-windows-ix86+x86_64 3.0.1 197.00 84.00 281.00 OK
r-oldrel-macos-x86_64 3.0.1 NOTE
r-oldrel-windows-ix86+x86_64 3.0.1 193.00 83.00 276.00 OK

Check Details

Version: 3.0.1
Check: installed package size
Result: NOTE
     installed size is 9.5Mb
     sub-directories of 1Mb or more:
     libs 9.4Mb
Flavors: r-devel-linux-x86_64-fedora-clang, r-release-macos-arm64, r-release-macos-x86_64, r-oldrel-macos-x86_64