CRAN Package Check Results for Package glacierSMBM

Last updated on 2021-10-28 05:50:28 CEST.

Flavor Version Tinstall Tcheck Ttotal Status Flags
r-devel-linux-x86_64-debian-clang 0.1 27.69 250.20 277.89 OK
r-devel-linux-x86_64-debian-gcc 0.1 26.85 189.44 216.29 OK
r-devel-linux-x86_64-fedora-clang 0.1 345.07 OK
r-devel-linux-x86_64-fedora-gcc 0.1 339.15 OK
r-devel-windows-x86_64 0.1 46.00 288.00 334.00 OK
r-devel-windows-x86_64-gcc10-UCRT 0.1 OK
r-patched-linux-x86_64 0.1 35.92 245.60 281.52 OK
r-patched-solaris-x86 0.1 219.40 OK
r-release-linux-x86_64 0.1 29.24 244.50 273.74 OK
r-release-macos-arm64 0.1 ERROR
r-release-macos-x86_64 0.1 ERROR
r-release-windows-ix86+x86_64 0.1 47.00 286.00 333.00 OK
r-oldrel-macos-x86_64 0.1 OK
r-oldrel-windows-ix86+x86_64 0.1 47.00 288.00 335.00 OK

Check Details

Version: 0.1
Check: package dependencies
Result: ERROR
    Package required but not available: ‘udunits2’
    
    See section ‘The DESCRIPTION file’ in the ‘Writing R Extensions’
    manual.
Flavors: r-release-macos-arm64, r-release-macos-x86_64