CRAN Package Check Results for Package gitlabr

Last updated on 2021-07-24 07:49:26 CEST.

Flavor Version Tinstall Tcheck Ttotal Status Flags
r-devel-linux-x86_64-debian-clang 1.1.6 5.06 51.12 56.18 NOTE
r-devel-linux-x86_64-debian-gcc 1.1.6 4.18 38.15 42.33 NOTE
r-devel-linux-x86_64-fedora-clang 1.1.6 75.40 NOTE
r-devel-linux-x86_64-fedora-gcc 1.1.6 65.61 NOTE
r-devel-windows-x86_64 1.1.6 11.00 52.00 63.00 OK
r-devel-windows-x86_64-gcc10-UCRT 1.1.6 OK
r-patched-linux-x86_64 1.1.6 3.95 48.52 52.47 NOTE
r-patched-solaris-x86 1.1.6 97.20 NOTE
r-release-linux-x86_64 1.1.6 4.95 47.72 52.67 NOTE
r-release-macos-arm64 1.1.6 OK
r-release-macos-x86_64 1.1.6 OK
r-release-windows-ix86+x86_64 1.1.6 13.00 53.00 66.00 OK
r-oldrel-macos-x86_64 1.1.6 OK
r-oldrel-windows-ix86+x86_64 1.1.6 13.00 65.00 78.00 OK

Check Details

Version: 1.1.6
Check: for non-standard things in the check directory
Result: NOTE
    Found the following files/directories:
     '.gitlab-ci.yml'
Flavors: r-devel-linux-x86_64-debian-clang, r-devel-linux-x86_64-debian-gcc, r-devel-linux-x86_64-fedora-clang, r-devel-linux-x86_64-fedora-gcc, r-patched-linux-x86_64, r-patched-solaris-x86, r-release-linux-x86_64