CRAN Package Check Results for Package gitcreds

Last updated on 2021-10-20 04:55:21 CEST.

Flavor Version Tinstall Tcheck Ttotal Status Flags
r-devel-linux-x86_64-debian-clang 0.1.1 2.38 28.00 30.38 NOTE
r-devel-linux-x86_64-debian-gcc 0.1.1 1.82 22.29 24.11 NOTE
r-devel-linux-x86_64-fedora-clang 0.1.1 47.77 NOTE
r-devel-linux-x86_64-fedora-gcc 0.1.1 37.45 NOTE
r-devel-windows-x86_64 0.1.1 5.00 57.00 62.00 NOTE
r-devel-windows-x86_64-gcc10-UCRT 0.1.1 NOTE
r-patched-linux-x86_64 0.1.1 2.61 27.86 30.47 NOTE
r-patched-solaris-x86 0.1.1 57.90 NOTE
r-release-linux-x86_64 0.1.1 2.26 28.04 30.30 NOTE
r-release-macos-arm64 0.1.1 NOTE
r-release-macos-x86_64 0.1.1 NOTE
r-release-windows-ix86+x86_64 0.1.1 5.00 46.00 51.00 NOTE
r-oldrel-macos-x86_64 0.1.1 OK
r-oldrel-windows-ix86+x86_64 0.1.1 20.00 50.00 70.00 OK

Check Details

Version: 0.1.1
Check: LazyData
Result: NOTE
     'LazyData' is specified without a 'data' directory
Flavors: r-devel-linux-x86_64-debian-clang, r-devel-linux-x86_64-debian-gcc, r-devel-linux-x86_64-fedora-clang, r-devel-linux-x86_64-fedora-gcc, r-devel-windows-x86_64, r-devel-windows-x86_64-gcc10-UCRT, r-patched-linux-x86_64, r-patched-solaris-x86, r-release-linux-x86_64, r-release-macos-arm64, r-release-macos-x86_64, r-release-windows-ix86+x86_64