CRAN Package Check Results for Package gigg

Last updated on 2022-01-23 00:57:13 CET.

Flavor Version Tinstall Tcheck Ttotal Status Flags
r-devel-linux-x86_64-debian-clang 0.2.1 41.80 36.30 78.10 OK
r-devel-linux-x86_64-debian-gcc 0.2.1 35.72 28.67 64.39 OK
r-devel-linux-x86_64-fedora-clang 0.2.1 117.02 OK
r-devel-linux-x86_64-fedora-gcc 0.2.1 98.05 OK
r-devel-windows-x86_64-new-UL 0.2.1 46.00 78.00 124.00 OK
r-devel-windows-x86_64-new-TK 0.2.1 OK
r-patched-linux-x86_64 0.2.1 33.49 35.44 68.93 OK
r-release-linux-x86_64 0.2.1 43.93 35.57 79.50 OK
r-release-macos-arm64 0.2.1 NOTE
r-release-macos-x86_64 0.2.1 OK
r-release-windows-ix86+x86_64 0.2.1 108.00 76.00 184.00 OK
r-oldrel-macos-x86_64 0.2.1 OK
r-oldrel-windows-ix86+x86_64 0.2.1 111.00 69.00 180.00 OK

Check Details

Version: 0.2.1
Check: installed package size
Result: NOTE
     installed size is 5.5Mb
     sub-directories of 1Mb or more:
     libs 4.9Mb
Flavor: r-release-macos-arm64