CRAN Package Check Results for Package ggtext

Last updated on 2022-05-25 14:52:53 CEST.

Flavor Version Tinstall Tcheck Ttotal Status Flags
r-devel-linux-x86_64-debian-clang 0.1.1 6.73 94.38 101.11 NOTE
r-devel-linux-x86_64-debian-gcc 0.1.1 4.23 70.88 75.11 NOTE
r-devel-linux-x86_64-fedora-clang 0.1.1 118.59 NOTE
r-devel-linux-x86_64-fedora-gcc 0.1.1 114.32 NOTE
r-devel-windows-x86_64 0.1.1 21.00 117.00 138.00 NOTE
r-patched-linux-x86_64 0.1.1 5.96 89.14 95.10 NOTE
r-release-linux-x86_64 0.1.1 NOTE
r-release-macos-arm64 0.1.1 39.00 NOTE
r-release-macos-x86_64 0.1.1 54.00 NOTE
r-release-windows-x86_64 0.1.1 23.00 113.00 136.00 NOTE
r-oldrel-macos-arm64 0.1.1 55.00 NOTE
r-oldrel-macos-x86_64 0.1.1 74.00 NOTE
r-oldrel-windows-ix86+x86_64 0.1.1 17.00 114.00 131.00 NOTE

Check Details

Version: 0.1.1
Check: LazyData
Result: NOTE
     'LazyData' is specified without a 'data' directory
Flavors: r-devel-linux-x86_64-debian-clang, r-devel-linux-x86_64-debian-gcc, r-devel-linux-x86_64-fedora-clang, r-devel-linux-x86_64-fedora-gcc, r-devel-windows-x86_64, r-patched-linux-x86_64, r-release-linux-x86_64, r-release-macos-arm64, r-release-macos-x86_64, r-release-windows-x86_64, r-oldrel-macos-arm64, r-oldrel-macos-x86_64, r-oldrel-windows-ix86+x86_64