CRAN Package Check Results for Package ggtern

Last updated on 2021-10-19 16:50:32 CEST.

Flavor Version Tinstall Tcheck Ttotal Status Flags
r-devel-linux-x86_64-debian-clang 3.3.5 17.28 139.79 157.07 OK
r-devel-linux-x86_64-debian-gcc 3.3.5 14.22 100.68 114.90 OK
r-devel-linux-x86_64-fedora-clang 3.3.5 190.56 NOTE
r-devel-linux-x86_64-fedora-gcc 3.3.5 178.65 NOTE
r-devel-windows-x86_64 3.3.5 27.00 181.00 208.00 OK
r-devel-windows-x86_64-gcc10-UCRT 3.3.5 NOTE
r-patched-linux-x86_64 3.3.5 23.26 130.18 153.44 OK
r-patched-solaris-x86 3.3.5 230.10 NOTE
r-release-linux-x86_64 3.3.5 17.35 128.05 145.40 OK
r-release-macos-arm64 3.3.5 NOTE
r-release-macos-x86_64 3.3.5 NOTE
r-release-windows-ix86+x86_64 3.3.5 33.00 174.00 207.00 OK
r-oldrel-macos-x86_64 3.3.5 NOTE
r-oldrel-windows-ix86+x86_64 3.3.5 34.00 172.00 206.00 OK

Check Details

Version: 3.3.5
Check: dependencies in R code
Result: NOTE
    Namespace in Imports field not imported from: ‘hexbin’
     All declared Imports should be used.
Flavors: r-devel-linux-x86_64-fedora-clang, r-devel-linux-x86_64-fedora-gcc, r-devel-windows-x86_64-gcc10-UCRT, r-patched-solaris-x86, r-release-macos-arm64, r-release-macos-x86_64, r-oldrel-macos-x86_64

Version: 3.3.5
Check: Rd cross-references
Result: NOTE
    Undeclared packages ‘chemometrics’, ‘rlang’ in Rd xrefs
Flavor: r-devel-linux-x86_64-fedora-clang