CRAN Package Check Results for Package ggstream

Last updated on 2022-01-23 00:57:13 CET.

Flavor Version Tinstall Tcheck Ttotal Status Flags
r-devel-linux-x86_64-debian-clang 0.1.0 3.80 48.24 52.04 OK
r-devel-linux-x86_64-debian-gcc 0.1.0 3.43 35.82 39.25 OK
r-devel-linux-x86_64-fedora-clang 0.1.0 62.53 NOTE
r-devel-linux-x86_64-fedora-gcc 0.1.0 50.02 NOTE
r-devel-windows-x86_64-new-UL 0.1.0 27.00 63.00 90.00 OK
r-devel-windows-x86_64-new-TK 0.1.0 NOTE
r-patched-linux-x86_64 0.1.0 2.81 43.90 46.71 OK
r-release-linux-x86_64 0.1.0 3.52 45.27 48.79 OK
r-release-macos-arm64 0.1.0 NOTE
r-release-macos-x86_64 0.1.0 NOTE
r-release-windows-ix86+x86_64 0.1.0 10.00 56.00 66.00 OK
r-oldrel-macos-x86_64 0.1.0 NOTE
r-oldrel-windows-ix86+x86_64 0.1.0 10.00 56.00 66.00 OK

Check Details

Version: 0.1.0
Check: dependencies in R code
Result: NOTE
    Namespace in Imports field not imported from: ‘tidyr’
     All declared Imports should be used.
Flavors: r-devel-linux-x86_64-fedora-clang, r-devel-linux-x86_64-fedora-gcc, r-devel-windows-x86_64-new-TK, r-release-macos-arm64, r-release-macos-x86_64, r-oldrel-macos-x86_64