CRAN Package Check Results for Package ggstar

Last updated on 2022-07-04 05:50:06 CEST.

Flavor Version Tinstall Tcheck Ttotal Status Flags
r-devel-linux-x86_64-debian-clang 1.0.3 5.65 60.25 65.90 OK
r-devel-linux-x86_64-debian-gcc 1.0.3 4.98 45.37 50.35 OK
r-devel-linux-x86_64-fedora-clang 1.0.3 89.11 NOTE
r-devel-linux-x86_64-fedora-gcc 1.0.3 87.20 OK
r-devel-windows-x86_64 1.0.3 19.00 85.00 104.00 OK
r-patched-linux-x86_64 1.0.3 5.73 57.40 63.13 OK
r-release-linux-x86_64 1.0.3 5.66 57.01 62.67 OK
r-release-macos-arm64 1.0.3 25.00 OK
r-release-macos-x86_64 1.0.3 44.00 OK
r-release-windows-x86_64 1.0.3 19.00 88.00 107.00 OK
r-oldrel-macos-arm64 1.0.3 26.00 OK
r-oldrel-macos-x86_64 1.0.3 39.00 OK
r-oldrel-windows-ix86+x86_64 1.0.3 16.00 81.00 97.00 OK

Check Details

Version: 1.0.3
Check: Rd cross-references
Result: NOTE
    Undeclared package ‘rlang’ in Rd xrefs
Flavor: r-devel-linux-x86_64-fedora-clang