CRAN Package Check Results for Package ggshadow

Last updated on 2022-07-04 05:50:06 CEST.

Flavor Version Tinstall Tcheck Ttotal Status Flags
r-devel-linux-x86_64-debian-clang 0.0.2 6.89 72.20 79.09 NOTE
r-devel-linux-x86_64-debian-gcc 0.0.2 6.16 52.60 58.76 NOTE
r-devel-linux-x86_64-fedora-clang 0.0.2 101.67 NOTE
r-devel-linux-x86_64-fedora-gcc 0.0.2 98.89 NOTE
r-devel-windows-x86_64 0.0.2 34.00 111.00 145.00 NOTE
r-patched-linux-x86_64 0.0.2 7.89 67.08 74.97 NOTE
r-release-linux-x86_64 0.0.2 7.56 65.40 72.96 NOTE
r-release-macos-arm64 0.0.2 29.00 NOTE
r-release-macos-x86_64 0.0.2 53.00 NOTE
r-release-windows-x86_64 0.0.2 42.00 109.00 151.00 NOTE
r-oldrel-macos-arm64 0.0.2 35.00 NOTE
r-oldrel-macos-x86_64 0.0.2 49.00 NOTE
r-oldrel-windows-ix86+x86_64 0.0.2 17.00 111.00 128.00 NOTE

Check Details

Version: 0.0.2
Check: LazyData
Result: NOTE
     'LazyData' is specified without a 'data' directory
Flavors: r-devel-linux-x86_64-debian-clang, r-devel-linux-x86_64-debian-gcc, r-devel-linux-x86_64-fedora-clang, r-devel-linux-x86_64-fedora-gcc, r-devel-windows-x86_64, r-patched-linux-x86_64, r-release-linux-x86_64, r-release-macos-arm64, r-release-macos-x86_64, r-release-windows-x86_64, r-oldrel-macos-arm64, r-oldrel-macos-x86_64, r-oldrel-windows-ix86+x86_64

Version: 0.0.2
Check: Rd cross-references
Result: NOTE
    Undeclared package ‘RColorBrewer’ in Rd xrefs
Flavor: r-devel-linux-x86_64-fedora-clang