CRAN Package Check Results for Package ggraph

Last updated on 2021-10-26 16:49:34 CEST.

Flavor Version Tinstall Tcheck Ttotal Status Flags
r-devel-linux-x86_64-debian-clang 2.0.5 80.16 208.11 288.27 OK
r-devel-linux-x86_64-debian-gcc 2.0.5 58.77 153.99 212.76 OK
r-devel-linux-x86_64-fedora-clang 2.0.5 385.25 NOTE
r-devel-linux-x86_64-fedora-gcc 2.0.5 348.48 OK
r-devel-windows-x86_64 2.0.5 110.00 351.00 461.00 NOTE
r-devel-windows-x86_64-gcc10-UCRT 2.0.5 OK
r-patched-linux-x86_64 2.0.5 74.98 202.30 277.28 OK
r-patched-solaris-x86 2.0.5 319.00 NOTE
r-release-linux-x86_64 2.0.5 68.56 200.98 269.54 OK
r-release-macos-arm64 2.0.5 NOTE
r-release-macos-x86_64 2.0.5 NOTE
r-release-windows-ix86+x86_64 2.0.5 140.00 330.00 470.00 NOTE
r-oldrel-macos-x86_64 2.0.5 NOTE
r-oldrel-windows-ix86+x86_64 2.0.5 192.00 388.00 580.00 NOTE

Check Details

Version: 2.0.5
Check: installed package size
Result: NOTE
     installed size is 7.4Mb
     sub-directories of 1Mb or more:
     doc 3.6Mb
     libs 2.4Mb
Flavors: r-devel-linux-x86_64-fedora-clang, r-devel-windows-x86_64, r-patched-solaris-x86, r-release-macos-arm64, r-release-macos-x86_64, r-release-windows-ix86+x86_64, r-oldrel-macos-x86_64, r-oldrel-windows-ix86+x86_64