CRAN Package Check Results for Package ggperiodic

Last updated on 2021-07-30 19:50:09 CEST.

Flavor Version Tinstall Tcheck Ttotal Status Flags
r-devel-linux-x86_64-debian-clang 1.0.1 NOTE
r-devel-linux-x86_64-debian-gcc 1.0.1 4.52 45.17 49.69 NOTE
r-devel-linux-x86_64-fedora-clang 1.0.1 87.21 NOTE
r-devel-linux-x86_64-fedora-gcc 1.0.1 74.61 NOTE
r-devel-windows-x86_64 1.0.1 7.00 80.00 87.00 NOTE
r-devel-windows-x86_64-gcc10-UCRT 1.0.1 NOTE
r-patched-linux-x86_64 1.0.1 NOTE
r-patched-solaris-x86 1.0.1 104.20 NOTE
r-release-linux-x86_64 1.0.1 4.88 56.24 61.12 NOTE
r-release-macos-arm64 1.0.1 WARN
r-release-macos-x86_64 1.0.1 NOTE
r-release-windows-ix86+x86_64 1.0.1 15.00 81.00 96.00 NOTE
r-oldrel-macos-x86_64 1.0.1 OK
r-oldrel-windows-ix86+x86_64 1.0.1 12.00 78.00 90.00 OK

Check Details

Version: 1.0.1
Check: LazyData
Result: NOTE
     'LazyData' is specified without a 'data' directory
Flavors: r-devel-linux-x86_64-debian-clang, r-devel-linux-x86_64-debian-gcc, r-devel-linux-x86_64-fedora-clang, r-devel-linux-x86_64-fedora-gcc, r-devel-windows-x86_64, r-devel-windows-x86_64-gcc10-UCRT, r-patched-linux-x86_64, r-patched-solaris-x86, r-release-linux-x86_64, r-release-macos-arm64, r-release-macos-x86_64, r-release-windows-ix86+x86_64

Version: 1.0.1
Check: re-building of vignette outputs
Result: WARN
    Error(s) in re-building vignettes:
     ...
    --- re-building ‘wraping-around-ggplot2.Rmd’ using rmarkdown
    Warning in engine$weave(file, quiet = quiet, encoding = enc) :
     Pandoc (>= 1.12.3) not available. Falling back to R Markdown v1.
    Quitting from lines 36-40 (wraping-around-ggplot2.Rmd)
    Error: processing vignette 'wraping-around-ggplot2.Rmd' failed with diagnostics:
    polygon edge not found
    --- failed re-building ‘wraping-around-ggplot2.Rmd’
    
    SUMMARY: processing the following file failed:
     ‘wraping-around-ggplot2.Rmd’
    
    Error: Vignette re-building failed.
    Execution halted
Flavor: r-release-macos-arm64