Last updated on 2022-07-07 05:56:02 CEST.
Flavor | Version | Tinstall | Tcheck | Ttotal | Status | Flags |
---|---|---|---|---|---|---|
r-devel-linux-x86_64-debian-clang | 0.1.2 | 4.92 | 37.10 | 42.02 | NOTE | |
r-devel-linux-x86_64-debian-gcc | 0.1.2 | 4.08 | 27.96 | 32.04 | NOTE | |
r-devel-linux-x86_64-fedora-clang | 0.1.2 | 60.80 | NOTE | |||
r-devel-linux-x86_64-fedora-gcc | 0.1.2 | 58.71 | NOTE | |||
r-devel-windows-x86_64 | 0.1.2 | 40.00 | 58.00 | 98.00 | NOTE | |
r-patched-linux-x86_64 | 0.1.2 | 10.17 | 35.00 | 45.17 | NOTE | |
r-release-linux-x86_64 | 0.1.2 | 4.85 | 35.24 | 40.09 | NOTE | |
r-release-macos-arm64 | 0.1.2 | 17.00 | NOTE | |||
r-release-macos-x86_64 | 0.1.2 | 32.00 | NOTE | |||
r-release-windows-x86_64 | 0.1.2 | 19.00 | 62.00 | 81.00 | NOTE | |
r-oldrel-macos-arm64 | 0.1.2 | 21.00 | NOTE | |||
r-oldrel-macos-x86_64 | 0.1.2 | 34.00 | NOTE | |||
r-oldrel-windows-ix86+x86_64 | 0.1.2 | 11.00 | 55.00 | 66.00 | NOTE |
Version: 0.1.2
Check: LazyData
Result: NOTE
'LazyData' is specified without a 'data' directory
Flavors: r-devel-linux-x86_64-debian-clang, r-devel-linux-x86_64-debian-gcc, r-devel-linux-x86_64-fedora-clang, r-devel-linux-x86_64-fedora-gcc, r-devel-windows-x86_64, r-patched-linux-x86_64, r-release-linux-x86_64, r-release-macos-arm64, r-release-macos-x86_64, r-release-windows-x86_64, r-oldrel-macos-arm64, r-oldrel-macos-x86_64, r-oldrel-windows-ix86+x86_64
Version: 0.1.2
Check: dependencies in R code
Result: NOTE
Namespaces in Imports field not imported from:
‘dplyr’ ‘grid’ ‘scales’
All declared Imports should be used.
Flavors: r-devel-linux-x86_64-fedora-clang, r-devel-linux-x86_64-fedora-gcc, r-release-macos-arm64, r-release-macos-x86_64, r-oldrel-macos-arm64, r-oldrel-macos-x86_64