CRAN Package Check Results for Package ggiraphExtra

Last updated on 2021-07-28 19:49:53 CEST.

Flavor Version Tinstall Tcheck Ttotal Status Flags
r-devel-linux-x86_64-debian-clang 0.3.0 OK
r-devel-linux-x86_64-debian-gcc 0.3.0 13.00 151.45 164.45 OK
r-devel-linux-x86_64-fedora-clang 0.3.0 265.87 OK
r-devel-linux-x86_64-fedora-gcc 0.3.0 251.65 OK
r-devel-windows-x86_64 0.3.0 19.00 231.00 250.00 OK
r-devel-windows-x86_64-gcc10-UCRT 0.3.0 OK
r-patched-linux-x86_64 0.3.0 16.50 193.29 209.79 OK
r-patched-solaris-x86 0.3.0 316.80 WARN
r-release-linux-x86_64 0.3.0 14.25 192.99 207.24 OK
r-release-macos-arm64 0.3.0 WARN
r-release-macos-x86_64 0.3.0 WARN
r-release-windows-ix86+x86_64 0.3.0 33.00 228.00 261.00 OK
r-oldrel-macos-x86_64 0.3.0 WARN
r-oldrel-windows-ix86+x86_64 0.3.0 24.00 255.00 279.00 OK

Check Details

Version: 0.3.0
Check: re-building of vignette outputs
Result: WARN
    Error(s) in re-building vignettes:
     ...
    --- re-building ‘ggPredict.Rmd’ using rmarkdown
    Warning in engine$weave(file, quiet = quiet, encoding = enc) :
     Pandoc (>= 1.12.3) not available. Falling back to R Markdown v1.
    Loading required package: ggplot2
    `geom_smooth()` using formula 'y ~ x'
    Loading required package: ggiraph
    Loading required package: ggiraphExtra
    
    Attaching package: 'ggiraphExtra'
    
    The following objects are masked from 'package:moonBook':
    
     addLabelDf, getMapping
    
    Loading required package: plyr
    PhantomJS not found. You can install it with webshot::install_phantomjs(). If it is installed, please make sure the phantomjs executable can be found via the PATH variable.
    PhantomJS not found. You can install it with webshot::install_phantomjs(). If it is installed, please make sure the phantomjs executable can be found via the PATH variable.
    Quitting from lines 45-49 (ggPredict.Rmd)
    Error: processing vignette 'ggPredict.Rmd' failed with diagnostics:
    invalid 'path' argument
    --- failed re-building ‘ggPredict.Rmd’
    
    --- re-building ‘introduction.Rmd’ using rmarkdown
    Warning in engine$weave(file, quiet = quiet, encoding = enc) :
     Pandoc (>= 1.12.3) not available. Falling back to R Markdown v1.
    Loading required package: ggplot2
    Loading required package: ggiraph
    Loading required package: ggiraphExtra
    PhantomJS not found. You can install it with webshot::install_phantomjs(). If it is installed, please make sure the phantomjs executable can be found via the PATH variable.
    PhantomJS not found. You can install it with webshot::install_phantomjs(). If it is installed, please make sure the phantomjs executable can be found via the PATH variable.
    Quitting from lines 28-33 (introduction.Rmd)
    Error: processing vignette 'introduction.Rmd' failed with diagnostics:
    invalid 'path' argument
    --- failed re-building ‘introduction.Rmd’
    
    SUMMARY: processing the following files failed:
     ‘ggPredict.Rmd’ ‘introduction.Rmd’
    
    Error: Vignette re-building failed.
    Execution halted
Flavor: r-patched-solaris-x86

Version: 0.3.0
Check: re-building of vignette outputs
Result: WARN
    Error(s) in re-building vignettes:
    --- re-building ‘ggPredict.Rmd’ using rmarkdown
    Warning in engine$weave(file, quiet = quiet, encoding = enc) :
     Pandoc (>= 1.12.3) not available. Falling back to R Markdown v1.
    Loading required package: ggplot2
    `geom_smooth()` using formula 'y ~ x'
    Quitting from lines 38-40 (ggPredict.Rmd)
    Error: processing vignette 'ggPredict.Rmd' failed with diagnostics:
    polygon edge not found
    --- failed re-building ‘ggPredict.Rmd’
    
    --- re-building ‘introduction.Rmd’ using rmarkdown
    Warning in engine$weave(file, quiet = quiet, encoding = enc) :
     Pandoc (>= 1.12.3) not available. Falling back to R Markdown v1.
    Loading required package: ggplot2
    Loading required package: ggiraph
    Loading required package: ggiraphExtra
    Loading required package: TH.data
    Loading required package: survival
    Loading required package: MASS
    
    Attaching package: 'TH.data'
    
    The following object is masked from 'package:MASS':
    
     geyser
    
    Loading required package: moonBook
    
    Attaching package: 'moonBook'
    
    The following objects are masked from 'package:ggiraphExtra':
    
     addLabelDf, getMapping
    
    Warning: It is deprecated to specify `guide = FALSE` to remove a guide. Please use `guide = "none"` instead.
    Warning: It is deprecated to specify `guide = FALSE` to remove a guide. Please use `guide = "none"` instead.
    Warning: `guides(<scale> = FALSE)` is deprecated. Please use `guides(<scale> = "none")` instead.
    Warning: Use of `longdf1[["variable"]]` is discouraged. Use `.data[["variable"]]` instead.
    Warning: Use of `longdf2[["variable"]]` is discouraged. Use `.data[["variable"]]` instead.
    Loading required package: gcookbook
    --- finished re-building ‘introduction.Rmd’
    
    SUMMARY: processing the following file failed:
     ‘ggPredict.Rmd’
    
    Error: Vignette re-building failed.
    Execution halted
Flavor: r-release-macos-arm64

Version: 0.3.0
Check: re-building of vignette outputs
Result: WARN
    Error(s) in re-building vignettes:
    --- re-building ‘ggPredict.Rmd’ using rmarkdown
    Warning in engine$weave(file, quiet = quiet, encoding = enc) :
     Pandoc (>= 1.12.3) not available. Falling back to R Markdown v1.
    Loading required package: ggplot2
    `geom_smooth()` using formula 'y ~ x'
    Loading required package: ggiraph
    Loading required package: ggiraphExtra
    
    Attaching package: 'ggiraphExtra'
    
    The following objects are masked from 'package:moonBook':
    
     addLabelDf, getMapping
    
    Loading required package: plyr
    PhantomJS not found. You can install it with webshot::install_phantomjs(). If it is installed, please make sure the phantomjs executable can be found via the PATH variable.
    PhantomJS not found. You can install it with webshot::install_phantomjs(). If it is installed, please make sure the phantomjs executable can be found via the PATH variable.
    Quitting from lines 45-49 (ggPredict.Rmd)
    Error: processing vignette 'ggPredict.Rmd' failed with diagnostics:
    invalid 'path' argument
    --- failed re-building ‘ggPredict.Rmd’
    
    --- re-building ‘introduction.Rmd’ using rmarkdown
    Warning in engine$weave(file, quiet = quiet, encoding = enc) :
     Pandoc (>= 1.12.3) not available. Falling back to R Markdown v1.
    Loading required package: ggplot2
    Loading required package: ggiraph
    Loading required package: ggiraphExtra
    PhantomJS not found. You can install it with webshot::install_phantomjs(). If it is installed, please make sure the phantomjs executable can be found via the PATH variable.
    PhantomJS not found. You can install it with webshot::install_phantomjs(). If it is installed, please make sure the phantomjs executable can be found via the PATH variable.
    Quitting from lines 28-33 (introduction.Rmd)
    Error: processing vignette 'introduction.Rmd' failed with diagnostics:
    invalid 'path' argument
    --- failed re-building ‘introduction.Rmd’
    
    SUMMARY: processing the following files failed:
     ‘ggPredict.Rmd’ ‘introduction.Rmd’
    
    Error: Vignette re-building failed.
    Execution halted
Flavor: r-release-macos-x86_64

Version: 0.3.0
Check: re-building of vignette outputs
Result: WARN
    Error(s) in re-building vignettes:
    --- re-building ‘ggPredict.Rmd’ using rmarkdown
    Warning in engine$weave(file, quiet = quiet, encoding = enc) :
     Pandoc (>= 1.12.3) and/or pandoc-citeproc not available. Falling back to R Markdown v1.
    Loading required package: ggplot2
    `geom_smooth()` using formula 'y ~ x'
    Loading required package: ggiraph
    Loading required package: ggiraphExtra
    
    Attaching package: 'ggiraphExtra'
    
    The following objects are masked from 'package:moonBook':
    
     addLabelDf, getMapping
    
    Loading required package: plyr
    PhantomJS not found. You can install it with webshot::install_phantomjs(). If it is installed, please make sure the phantomjs executable can be found via the PATH variable.
    Quitting from lines 45-49 (ggPredict.Rmd)
    Error: processing vignette 'ggPredict.Rmd' failed with diagnostics:
    cannot open the connection
    --- failed re-building ‘ggPredict.Rmd’
    
    --- re-building ‘introduction.Rmd’ using rmarkdown
    Warning in engine$weave(file, quiet = quiet, encoding = enc) :
     Pandoc (>= 1.12.3) and/or pandoc-citeproc not available. Falling back to R Markdown v1.
    Loading required package: ggplot2
    Loading required package: ggiraph
    Loading required package: ggiraphExtra
    PhantomJS not found. You can install it with webshot::install_phantomjs(). If it is installed, please make sure the phantomjs executable can be found via the PATH variable.
    Warning in normalizePath(f2) :
     path[1]="webshotf75d53bfa25a.png": No such file or directory
    Warning in file(con, "rb") :
     cannot open file 'webshotf75d53bfa25a.png': No such file or directory
    Quitting from lines 28-33 (introduction.Rmd)
    Error: processing vignette 'introduction.Rmd' failed with diagnostics:
    cannot open the connection
    --- failed re-building ‘introduction.Rmd’
    
    SUMMARY: processing the following files failed:
     ‘ggPredict.Rmd’ ‘introduction.Rmd’
    
    Error: Vignette re-building failed.
    Execution halted
Flavor: r-oldrel-macos-x86_64