Last updated on 2022-08-14 21:53:11 CEST.
Flavor | Version | Tinstall | Tcheck | Ttotal | Status | Flags |
---|---|---|---|---|---|---|
r-devel-linux-x86_64-debian-clang | 0.8.2 | 137.63 | 201.14 | 338.77 | NOTE | |
r-devel-linux-x86_64-debian-gcc | 0.8.2 | 101.31 | 148.90 | 250.21 | NOTE | |
r-devel-linux-x86_64-fedora-clang | 0.8.2 | 443.70 | OK | |||
r-devel-linux-x86_64-fedora-gcc | 0.8.2 | 435.78 | NOTE | |||
r-devel-windows-x86_64 | 0.8.2 | 264.00 | 268.00 | 532.00 | OK | |
r-patched-linux-x86_64 | 0.8.2 | 111.51 | 185.81 | 297.32 | OK | |
r-release-linux-x86_64 | 0.8.2 | 108.76 | 186.64 | 295.40 | OK | |
r-release-macos-arm64 | 0.8.2 | 111.00 | NOTE | |||
r-release-macos-x86_64 | 0.8.2 | 229.00 | NOTE | |||
r-release-windows-x86_64 | 0.8.2 | 272.00 | 258.00 | 530.00 | OK | |
r-oldrel-macos-arm64 | 0.8.2 | 84.00 | NOTE | |||
r-oldrel-macos-x86_64 | 0.8.2 | 161.00 | NOTE | |||
r-oldrel-windows-ix86+x86_64 | 0.8.2 | 315.00 | 356.00 | 671.00 | OK |
Version: 0.8.2
Check: HTML version of manual
Result: NOTE
Found the following HTML validation problems:
guide_bins_interactive.html:50:23: Warning: nested emphasis <em>
guide_colourbar_interactive.html:52:23: Warning: nested emphasis <em>
guide_coloursteps_interactive.html:52:23: Warning: nested emphasis <em>
guide_legend_interactive.html:50:23: Warning: nested emphasis <em>
ipar.html:104:23: Warning: nested emphasis <em>
scale_alpha_interactive.html:70:23: Warning: nested emphasis <em>
scale_colour_brewer_interactive.html:73:23: Warning: nested emphasis <em>
scale_colour_interactive.html:105:23: Warning: nested emphasis <em>
scale_colour_steps_interactive.html:73:23: Warning: nested emphasis <em>
scale_gradient_interactive.html:73:23: Warning: nested emphasis <em>
scale_linetype_interactive.html:61:23: Warning: nested emphasis <em>
scale_manual_interactive.html:72:23: Warning: nested emphasis <em>
scale_shape_interactive.html:64:23: Warning: nested emphasis <em>
scale_size_interactive.html:79:23: Warning: nested emphasis <em>
scale_viridis_interactive.html:81:23: Warning: nested emphasis <em>
Flavors: r-devel-linux-x86_64-debian-clang, r-devel-linux-x86_64-debian-gcc, r-devel-linux-x86_64-fedora-gcc
Version: 0.8.2
Check: installed package size
Result: NOTE
installed size is 6.8Mb
sub-directories of 1Mb or more:
libs 5.0Mb
Flavors: r-release-macos-arm64, r-release-macos-x86_64, r-oldrel-macos-arm64, r-oldrel-macos-x86_64