CRAN Package Check Results for Package ggiraph

Last updated on 2021-09-18 05:02:32 CEST.

Flavor Version Tinstall Tcheck Ttotal Status Flags
r-devel-linux-x86_64-debian-clang 0.7.10 73.54 149.61 223.15 OK
r-devel-linux-x86_64-debian-gcc 0.7.10 45.97 110.62 156.59 OK
r-devel-linux-x86_64-fedora-clang 0.7.10 280.57 OK
r-devel-linux-x86_64-fedora-gcc 0.7.10 260.23 OK
r-devel-windows-x86_64 0.7.10 72.00 193.00 265.00 OK
r-devel-windows-x86_64-gcc10-UCRT 0.7.10 OK
r-patched-linux-x86_64 0.7.10 62.28 141.44 203.72 OK
r-patched-solaris-x86 0.7.10 330.50 OK
r-release-linux-x86_64 0.7.10 59.98 139.90 199.88 OK
r-release-macos-arm64 0.7.10 NOTE
r-release-macos-x86_64 0.7.10 NOTE
r-release-windows-ix86+x86_64 0.7.10 159.00 234.00 393.00 OK
r-oldrel-macos-x86_64 0.7.10 NOTE
r-oldrel-windows-ix86+x86_64 0.7.10 162.00 261.00 423.00 OK

Check Details

Version: 0.7.10
Check: installed package size
Result: NOTE
     installed size is 5.7Mb
     sub-directories of 1Mb or more:
     libs 4.5Mb
Flavors: r-release-macos-arm64, r-release-macos-x86_64, r-oldrel-macos-x86_64