Last updated on 2022-07-06 17:49:05 CEST.
Flavor | Version | Tinstall | Tcheck | Ttotal | Status | Flags |
---|---|---|---|---|---|---|
r-devel-linux-x86_64-debian-clang | 0.3.3 | 103.08 | 170.66 | 273.74 | NOTE | |
r-devel-linux-x86_64-debian-gcc | 0.3.3 | 87.07 | 125.35 | 212.42 | NOTE | |
r-devel-linux-x86_64-fedora-clang | 0.3.3 | 363.99 | NOTE | |||
r-devel-linux-x86_64-fedora-gcc | 0.3.3 | 351.51 | NOTE | |||
r-devel-windows-x86_64 | 0.3.3 | 115.00 | 216.00 | 331.00 | NOTE | |
r-patched-linux-x86_64 | 0.3.3 | 96.63 | 160.74 | 257.37 | NOTE | |
r-release-linux-x86_64 | 0.3.3 | 92.85 | 158.34 | 251.19 | NOTE | |
r-release-macos-arm64 | 0.3.3 | 82.00 | NOTE | |||
r-release-macos-x86_64 | 0.3.3 | 155.00 | NOTE | |||
r-release-windows-x86_64 | 0.3.3 | 224.00 | 217.00 | 441.00 | NOTE | |
r-oldrel-macos-arm64 | 0.3.3 | 99.00 | NOTE | |||
r-oldrel-macos-x86_64 | 0.3.3 | 170.00 | NOTE | |||
r-oldrel-windows-ix86+x86_64 | 0.3.3 | 237.00 | 313.00 | 550.00 | NOTE |
Version: 0.3.3
Check: LazyData
Result: NOTE
'LazyData' is specified without a 'data' directory
Flavors: r-devel-linux-x86_64-debian-clang, r-devel-linux-x86_64-debian-gcc, r-devel-linux-x86_64-fedora-clang, r-devel-linux-x86_64-fedora-gcc, r-devel-windows-x86_64, r-patched-linux-x86_64, r-release-linux-x86_64, r-release-macos-arm64, r-release-macos-x86_64, r-release-windows-x86_64, r-oldrel-macos-arm64, r-oldrel-macos-x86_64, r-oldrel-windows-ix86+x86_64
Version: 0.3.3
Check: installed package size
Result: NOTE
installed size is 18.2Mb
sub-directories of 1Mb or more:
help 1.1Mb
libs 16.2Mb
Flavors: r-devel-linux-x86_64-fedora-clang, r-release-macos-arm64, r-release-macos-x86_64, r-oldrel-macos-arm64, r-oldrel-macos-x86_64
Version: 0.3.3
Check: dependencies in R code
Result: NOTE
Namespace in Imports field not imported from: ‘withr’
All declared Imports should be used.
Flavors: r-devel-linux-x86_64-fedora-clang, r-devel-linux-x86_64-fedora-gcc, r-release-macos-arm64, r-release-macos-x86_64, r-oldrel-macos-arm64, r-oldrel-macos-x86_64