CRAN Package Check Results for Package ggenealogy

Last updated on 2021-08-01 19:51:27 CEST.

Flavor Version Tinstall Tcheck Ttotal Status Flags
r-devel-linux-x86_64-debian-clang 1.0.1 4.00 179.86 183.86 OK
r-devel-linux-x86_64-debian-gcc 1.0.1 2.95 137.28 140.23 OK
r-devel-linux-x86_64-fedora-clang 1.0.1 223.32 NOTE
r-devel-linux-x86_64-fedora-gcc 1.0.1 218.13 NOTE
r-devel-windows-x86_64 1.0.1 6.00 217.00 223.00 OK
r-devel-windows-x86_64-gcc10-UCRT 1.0.1 NOTE
r-patched-linux-x86_64 1.0.1 OK
r-patched-solaris-x86 1.0.1 291.50 NOTE
r-release-linux-x86_64 1.0.1 4.09 181.19 185.28 OK
r-release-macos-arm64 1.0.1 NOTE
r-release-macos-x86_64 1.0.1 NOTE
r-release-windows-ix86+x86_64 1.0.1 8.00 215.00 223.00 OK
r-oldrel-macos-x86_64 1.0.1 NOTE
r-oldrel-windows-ix86+x86_64 1.0.1 29.00 214.00 243.00 OK

Check Details

Version: 1.0.1
Check: dependencies in R code
Result: NOTE
    Namespace in Imports field not imported from: ‘tibble’
     All declared Imports should be used.
Flavors: r-devel-linux-x86_64-fedora-clang, r-devel-linux-x86_64-fedora-gcc, r-devel-windows-x86_64-gcc10-UCRT, r-patched-solaris-x86, r-release-macos-arm64, r-release-macos-x86_64, r-oldrel-macos-x86_64

Version: 1.0.1
Check: data for non-ASCII characters
Result: NOTE
     Note: found 2356 marked UTF-8 strings
Flavors: r-devel-linux-x86_64-fedora-clang, r-devel-linux-x86_64-fedora-gcc, r-devel-windows-x86_64-gcc10-UCRT, r-patched-solaris-x86, r-release-macos-arm64, r-release-macos-x86_64, r-oldrel-macos-x86_64