CRAN Package Check Results for Package ggedit

Last updated on 2021-10-19 16:50:31 CEST.

Flavor Version Tinstall Tcheck Ttotal Status Flags
r-devel-linux-x86_64-debian-clang 0.3.1 9.37 96.03 105.40 OK
r-devel-linux-x86_64-debian-gcc 0.3.1 9.00 70.67 79.67 OK
r-devel-linux-x86_64-fedora-clang 0.3.1 134.13 NOTE
r-devel-linux-x86_64-fedora-gcc 0.3.1 122.48 NOTE
r-devel-windows-x86_64 0.3.1 21.00 123.00 144.00 OK
r-devel-windows-x86_64-gcc10-UCRT 0.3.1 NOTE
r-patched-linux-x86_64 0.3.1 11.86 89.33 101.19 OK
r-patched-solaris-x86 0.3.1 165.80 NOTE
r-release-linux-x86_64 0.3.1 11.01 89.13 100.14 OK
r-release-macos-arm64 0.3.1 NOTE
r-release-macos-x86_64 0.3.1 NOTE
r-release-windows-ix86+x86_64 0.3.1 23.00 121.00 144.00 OK
r-oldrel-macos-x86_64 0.3.1 NOTE
r-oldrel-windows-ix86+x86_64 0.3.1 26.00 124.00 150.00 OK

Check Details

Version: 0.3.1
Check: dependencies in R code
Result: NOTE
    Namespace in Imports field not imported from: ‘magrittr’
     All declared Imports should be used.
Flavors: r-devel-linux-x86_64-fedora-clang, r-devel-linux-x86_64-fedora-gcc, r-devel-windows-x86_64-gcc10-UCRT, r-patched-solaris-x86, r-release-macos-arm64, r-release-macos-x86_64, r-oldrel-macos-x86_64