CRAN Package Check Results for Package ggdist

Last updated on 2021-10-18 04:54:20 CEST.

Flavor Version Tinstall Tcheck Ttotal Status Flags
r-devel-linux-x86_64-debian-clang 3.0.0 13.78 254.25 268.03 OK
r-devel-linux-x86_64-debian-gcc 3.0.0 12.31 181.14 193.45 OK
r-devel-linux-x86_64-fedora-clang 3.0.0 313.86 OK
r-devel-linux-x86_64-fedora-gcc 3.0.0 316.18 OK
r-devel-windows-x86_64 3.0.0 22.00 299.00 321.00 OK
r-devel-windows-x86_64-gcc10-UCRT 3.0.0 OK
r-patched-linux-x86_64 3.0.0 20.79 236.99 257.78 OK
r-patched-solaris-x86 3.0.0 212.70 OK
r-release-linux-x86_64 3.0.0 11.98 235.00 246.98 OK
r-release-macos-arm64 3.0.0 OK
r-release-macos-x86_64 3.0.0 OK
r-release-windows-ix86+x86_64 3.0.0 28.00 299.00 327.00 OK
r-oldrel-macos-x86_64 3.0.0 NOTE
r-oldrel-windows-ix86+x86_64 3.0.0 26.00 301.00 327.00 NOTE

Check Details

Version: 3.0.0
Check: R code for possible problems
Result: NOTE
    make_gradient_fill: no visible binding for global variable
     ‘linearGradient’
    Undefined global functions or variables:
     linearGradient
Flavors: r-oldrel-macos-x86_64, r-oldrel-windows-ix86+x86_64