CRAN Package Check Results for Package ggdendro

Last updated on 2021-09-17 16:50:11 CEST.

Flavor Version Tinstall Tcheck Ttotal Status Flags
r-devel-linux-x86_64-debian-clang 0.1.22 4.64 68.68 73.32 NOTE
r-devel-linux-x86_64-debian-gcc 0.1.22 4.23 49.18 53.41 NOTE
r-devel-linux-x86_64-fedora-clang 0.1.22 95.15 NOTE
r-devel-linux-x86_64-fedora-gcc 0.1.22 81.90 NOTE
r-devel-windows-x86_64 0.1.22 8.00 89.00 97.00 NOTE
r-devel-windows-x86_64-gcc10-UCRT 0.1.22 NOTE
r-patched-linux-x86_64 0.1.22 5.66 62.21 67.87 NOTE
r-patched-solaris-x86 0.1.22 111.90 NOTE
r-release-linux-x86_64 0.1.22 4.81 62.79 67.60 NOTE
r-release-macos-arm64 0.1.22 NOTE
r-release-macos-x86_64 0.1.22 NOTE
r-release-windows-ix86+x86_64 0.1.22 14.00 65.00 79.00 NOTE
r-oldrel-macos-x86_64 0.1.22 OK
r-oldrel-windows-ix86+x86_64 0.1.22 14.00 79.00 93.00 OK

Check Details

Version: 0.1.22
Check: LazyData
Result: NOTE
     'LazyData' is specified without a 'data' directory
Flavors: r-devel-linux-x86_64-debian-clang, r-devel-linux-x86_64-debian-gcc, r-devel-linux-x86_64-fedora-clang, r-devel-linux-x86_64-fedora-gcc, r-devel-windows-x86_64, r-devel-windows-x86_64-gcc10-UCRT, r-patched-linux-x86_64, r-patched-solaris-x86, r-release-linux-x86_64, r-release-macos-arm64, r-release-macos-x86_64, r-release-windows-ix86+x86_64