CRAN Package Check Results for Package ggasym

Last updated on 2021-07-30 07:50:12 CEST.

Flavor Version Tinstall Tcheck Ttotal Status Flags
r-devel-linux-x86_64-debian-clang 0.1.6 OK
r-devel-linux-x86_64-debian-gcc 0.1.6 4.49 51.91 56.40 OK
r-devel-linux-x86_64-fedora-clang 0.1.6 99.46 OK
r-devel-linux-x86_64-fedora-gcc 0.1.6 90.29 OK
r-devel-windows-x86_64 0.1.6 8.00 93.00 101.00 OK
r-devel-windows-x86_64-gcc10-UCRT 0.1.6 OK
r-patched-linux-x86_64 0.1.6 OK
r-patched-solaris-x86 0.1.6 124.20 OK
r-release-linux-x86_64 0.1.6 5.30 65.95 71.25 OK
r-release-macos-arm64 0.1.6 WARN
r-release-macos-x86_64 0.1.6 OK
r-release-windows-ix86+x86_64 0.1.6 14.00 91.00 105.00 OK
r-oldrel-macos-x86_64 0.1.6 OK
r-oldrel-windows-ix86+x86_64 0.1.6 11.00 102.00 113.00 OK

Check Details

Version: 0.1.6
Check: re-building of vignette outputs
Result: WARN
    Error(s) in re-building vignettes:
    --- re-building ‘ggasym-corrr.Rmd’ using rmarkdown
    Warning in engine$weave(file, quiet = quiet, encoding = enc) :
     Pandoc (>= 1.12.3) not available. Falling back to R Markdown v1.
    
    Attaching package: 'dplyr'
    
    The following objects are masked from 'package:stats':
    
     filter, lag
    
    The following objects are masked from 'package:base':
    
     intersect, setdiff, setequal, union
    
    Quitting from lines 81-88 (ggasym-corrr.Rmd)
    Error: processing vignette 'ggasym-corrr.Rmd' failed with diagnostics:
    polygon edge not found
    --- failed re-building ‘ggasym-corrr.Rmd’
    
    --- re-building ‘ggasym-stats.Rmd’ using rmarkdown
    Warning in engine$weave(file, quiet = quiet, encoding = enc) :
     Pandoc (>= 1.12.3) not available. Falling back to R Markdown v1.
    
    Attaching package: 'dplyr'
    
    The following objects are masked from 'package:stats':
    
     filter, lag
    
    The following objects are masked from 'package:base':
    
     intersect, setdiff, setequal, union
    
    Quitting from lines 89-93 (ggasym-stats.Rmd)
    Error: processing vignette 'ggasym-stats.Rmd' failed with diagnostics:
    polygon edge not found
    --- failed re-building ‘ggasym-stats.Rmd’
    
    SUMMARY: processing the following files failed:
     ‘ggasym-corrr.Rmd’ ‘ggasym-stats.Rmd’
    
    Error: Vignette re-building failed.
    Execution halted
Flavor: r-release-macos-arm64