Last updated on 2022-08-08 09:50:40 CEST.
Flavor | Version | Tinstall | Tcheck | Ttotal | Status | Flags |
---|---|---|---|---|---|---|
r-devel-linux-x86_64-debian-clang | 1.2.6 | 37.23 | 302.62 | 339.85 | NOTE | |
r-devel-linux-x86_64-debian-gcc | 1.2.6 | 25.83 | 219.47 | 245.30 | NOTE | |
r-devel-linux-x86_64-fedora-clang | 1.2.6 | 390.57 | NOTE | |||
r-devel-linux-x86_64-fedora-gcc | 1.2.6 | 400.15 | NOTE | |||
r-devel-windows-x86_64 | 1.2.6 | 53.00 | 287.00 | 340.00 | NOTE | |
r-patched-linux-x86_64 | 1.2.6 | 35.85 | 284.74 | 320.59 | NOTE | |
r-release-linux-x86_64 | 1.2.6 | NOTE | ||||
r-release-macos-arm64 | 1.2.6 | 80.00 | NOTE | |||
r-release-macos-x86_64 | 1.2.6 | 189.00 | NOTE | |||
r-release-windows-x86_64 | 1.2.6 | 69.00 | 298.00 | 367.00 | NOTE | |
r-oldrel-macos-arm64 | 1.2.6 | 82.00 | NOTE | |||
r-oldrel-macos-x86_64 | 1.2.6 | 110.00 | NOTE | |||
r-oldrel-windows-ix86+x86_64 | 1.2.6 | 71.00 | 297.00 | 368.00 | NOTE |
Version: 1.2.6
Check: package dependencies
Result: NOTE
Package suggested but not available for checking: 'ggOceanMapsData'
Flavors: r-devel-linux-x86_64-debian-clang, r-devel-linux-x86_64-debian-gcc, r-devel-linux-x86_64-fedora-clang, r-devel-linux-x86_64-fedora-gcc, r-devel-windows-x86_64, r-patched-linux-x86_64, r-release-linux-x86_64, r-release-macos-arm64, r-release-macos-x86_64, r-release-windows-x86_64, r-oldrel-macos-arm64, r-oldrel-macos-x86_64, r-oldrel-windows-ix86+x86_64