CRAN Package Check Results for Package geostan

Last updated on 2022-10-04 11:50:11 CEST.

Flavor Version Tinstall Tcheck Ttotal Status Flags
r-devel-linux-x86_64-debian-clang 0.4.0 240.83 385.15 625.98 NOTE
r-devel-linux-x86_64-debian-gcc 0.4.0 177.51 284.22 461.73 NOTE
r-devel-linux-x86_64-fedora-clang 0.4.0 743.67 NOTE
r-devel-linux-x86_64-fedora-gcc 0.4.0 784.63 NOTE
r-devel-windows-x86_64 0.4.0 154.00 461.00 615.00 NOTE
r-patched-linux-x86_64 0.4.0 130.70 372.16 502.86 NOTE
r-release-linux-x86_64 0.4.0 144.77 353.08 497.85 NOTE
r-release-macos-arm64 0.4.0 179.00 NOTE
r-release-macos-x86_64 0.4.0 294.00 NOTE
r-release-windows-x86_64 0.4.0 153.00 490.00 643.00 NOTE
r-oldrel-macos-arm64 0.4.0 185.00 NOTE
r-oldrel-macos-x86_64 0.4.0 301.00 NOTE
r-oldrel-windows-ix86+x86_64 0.4.0 419.00 596.00 1015.00 NOTE

Check Details

Version: 0.4.0
Check: for GNU extensions in Makefiles
Result: NOTE
    GNU make is a SystemRequirements.
Flavors: r-devel-linux-x86_64-debian-clang, r-devel-linux-x86_64-debian-gcc, r-devel-linux-x86_64-fedora-clang, r-devel-linux-x86_64-fedora-gcc, r-devel-windows-x86_64, r-patched-linux-x86_64, r-release-linux-x86_64, r-release-macos-arm64, r-release-macos-x86_64, r-release-windows-x86_64, r-oldrel-macos-arm64, r-oldrel-macos-x86_64, r-oldrel-windows-ix86+x86_64

Version: 0.4.0
Check: dependencies in R code
Result: NOTE
    Namespaces in Imports field not imported from:
     ‘RcppParallel’ ‘rstantools’
     All declared Imports should be used.
Flavors: r-devel-linux-x86_64-fedora-clang, r-devel-linux-x86_64-fedora-gcc, r-release-macos-arm64, r-release-macos-x86_64, r-oldrel-macos-arm64, r-oldrel-macos-x86_64

Version: 0.4.0
Check: Rd cross-references
Result: NOTE
    Undeclared package ‘loo’ in Rd xrefs
Flavor: r-devel-linux-x86_64-fedora-clang

Version: 0.4.0
Check: installed package size
Result: NOTE
     installed size is 49.9Mb
     sub-directories of 1Mb or more:
     libs 48.4Mb
Flavors: r-release-macos-arm64, r-release-macos-x86_64, r-oldrel-macos-arm64, r-oldrel-macos-x86_64, r-oldrel-windows-ix86+x86_64