CRAN Package Check Results for Package geospt

Last updated on 2025-01-23 19:49:24 CET.

Flavor Version Tinstall Tcheck Ttotal Status Flags
r-devel-linux-x86_64-debian-clang 1.0-4 8.21 88.05 96.26 NOTE
r-devel-linux-x86_64-debian-gcc 1.0-4 5.24 57.82 63.06 NOTE
r-devel-linux-x86_64-fedora-clang 1.0-4 152.18 OK
r-devel-linux-x86_64-fedora-gcc 1.0-4 141.95 OK
r-devel-windows-x86_64 1.0-4 11.00 103.00 114.00 NOTE
r-patched-linux-x86_64 1.0-4 13.12 82.26 95.38 OK
r-release-linux-x86_64 1.0-4 8.00 81.40 89.40 OK
r-release-macos-arm64 1.0-4 41.00 OK
r-release-macos-x86_64 1.0-4 61.00 OK
r-release-windows-x86_64 1.0-4 11.00 101.00 112.00 OK
r-oldrel-macos-arm64 1.0-4 49.00 OK
r-oldrel-macos-x86_64 1.0-4 86.00 OK
r-oldrel-windows-x86_64 1.0-4 12.00 120.00 132.00 OK

Check Details

Version: 1.0-4
Check: Rd cross-references
Result: NOTE Found the following Rd file(s) with Rd \link{} targets missing package anchors: idw.cv.Rd: idw network.design.Rd: krige, spsample, krige.cv, point.in.polygon Please provide package anchors for all Rd \link{} targets not in the package itself and the base packages. Flavors: r-devel-linux-x86_64-debian-clang, r-devel-linux-x86_64-debian-gcc, r-devel-windows-x86_64