CRAN Package Check Results for Package geometries

Last updated on 2023-01-28 04:56:56 CET.

Flavor Version Tinstall Tcheck Ttotal Status Flags
r-devel-linux-x86_64-debian-clang 0.2.0 98.76 31.56 130.32 NOTE
r-devel-linux-x86_64-debian-gcc 0.2.0 85.64 25.02 110.66 NOTE
r-devel-linux-x86_64-fedora-clang 0.2.0 217.15 NOTE
r-devel-linux-x86_64-fedora-gcc 0.2.0 214.05 NOTE
r-devel-windows-x86_64 0.2.0 144.00 82.00 226.00 NOTE
r-patched-linux-x86_64 0.2.0 87.78 31.75 119.53 NOTE
r-release-linux-x86_64 0.2.0 93.40 31.60 125.00 NOTE
r-release-macos-arm64 0.2.0 46.00 NOTE
r-release-macos-x86_64 0.2.0 71.00 NOTE
r-release-windows-x86_64 0.2.0 139.00 94.00 233.00 NOTE
r-oldrel-macos-arm64 0.2.0 55.00 NOTE
r-oldrel-macos-x86_64 0.2.0 98.00 NOTE
r-oldrel-windows-ix86+x86_64 0.2.0 247.00 87.00 334.00 NOTE

Check Details

Version: 0.2.0
Check: LazyData
Result: NOTE
     'LazyData' is specified without a 'data' directory
Flavors: r-devel-linux-x86_64-debian-clang, r-devel-linux-x86_64-debian-gcc, r-devel-linux-x86_64-fedora-clang, r-devel-linux-x86_64-fedora-gcc, r-devel-windows-x86_64, r-patched-linux-x86_64, r-release-linux-x86_64, r-release-macos-arm64, r-release-macos-x86_64, r-release-windows-x86_64, r-oldrel-macos-arm64, r-oldrel-macos-x86_64, r-oldrel-windows-ix86+x86_64

Version: 0.2.0
Check: C++ specification
Result: NOTE
     Specified C++11: please update to current default of C++17
Flavors: r-devel-linux-x86_64-debian-gcc, r-devel-linux-x86_64-fedora-gcc

Version: 0.2.0
Check: installed package size
Result: NOTE
     installed size is 5.9Mb
     sub-directories of 1Mb or more:
     libs 5.4Mb
Flavor: r-oldrel-macos-arm64