CRAN Package Check Results for Package geomedb

Last updated on 2022-07-04 05:50:06 CEST.

Flavor Version Tinstall Tcheck Ttotal Status Flags
r-devel-linux-x86_64-debian-clang 2.0.1 2.10 22.91 25.01 NOTE
r-devel-linux-x86_64-debian-gcc 2.0.1 1.96 18.12 20.08 NOTE
r-devel-linux-x86_64-fedora-clang 2.0.1 42.06 NOTE
r-devel-linux-x86_64-fedora-gcc 2.0.1 41.36 NOTE
r-devel-windows-x86_64 2.0.1 11.00 48.00 59.00 NOTE
r-patched-linux-x86_64 2.0.1 2.79 22.37 25.16 NOTE
r-release-linux-x86_64 2.0.1 2.23 23.06 25.29 NOTE
r-release-macos-arm64 2.0.1 15.00 NOTE
r-release-macos-x86_64 2.0.1 20.00 NOTE
r-release-windows-x86_64 2.0.1 5.00 48.00 53.00 NOTE
r-oldrel-macos-arm64 2.0.1 19.00 NOTE
r-oldrel-macos-x86_64 2.0.1 22.00 NOTE
r-oldrel-windows-ix86+x86_64 2.0.1 6.00 41.00 47.00 NOTE

Check Details

Version: 2.0.1
Check: LazyData
Result: NOTE
     'LazyData' is specified without a 'data' directory
Flavors: r-devel-linux-x86_64-debian-clang, r-devel-linux-x86_64-debian-gcc, r-devel-linux-x86_64-fedora-clang, r-devel-linux-x86_64-fedora-gcc, r-devel-windows-x86_64, r-patched-linux-x86_64, r-release-linux-x86_64, r-release-macos-arm64, r-release-macos-x86_64, r-release-windows-x86_64, r-oldrel-macos-arm64, r-oldrel-macos-x86_64, r-oldrel-windows-ix86+x86_64