CRAN Package Check Results for Package geoknife

Last updated on 2021-09-20 04:58:12 CEST.

Flavor Version Tinstall Tcheck Ttotal Status Flags
r-devel-linux-x86_64-debian-clang 1.6.5 8.87 61.15 70.02 OK
r-devel-linux-x86_64-debian-gcc 1.6.5 7.37 46.99 54.36 OK
r-devel-linux-x86_64-fedora-clang 1.6.5 93.71 OK
r-devel-linux-x86_64-fedora-gcc 1.6.5 81.25 OK
r-devel-windows-x86_64 1.6.5 11.00 80.00 91.00 OK
r-devel-windows-x86_64-gcc10-UCRT 1.6.5 ERROR
r-patched-linux-x86_64 1.6.5 9.79 62.15 71.94 OK
r-patched-solaris-x86 1.6.5 129.20 OK
r-release-linux-x86_64 1.6.5 8.41 61.33 69.74 OK
r-release-macos-arm64 1.6.5 OK
r-release-macos-x86_64 1.6.5 OK
r-release-windows-ix86+x86_64 1.6.5 18.00 77.00 95.00 OK
r-oldrel-macos-x86_64 1.6.5 OK
r-oldrel-windows-ix86+x86_64 1.6.5 19.00 76.00 95.00 OK

Check Details

Version: 1.6.5
Check: whether package can be installed
Result: WARN
    Found the following significant warnings:
     WARNING: installation-time patches will not be applied, could not get the patches index
Flavor: r-devel-windows-x86_64-gcc10-UCRT

Version: 1.6.5
Check: PDF version of manual
Result: WARN
    LaTeX errors when creating PDF version.
    This typically indicates Rd problems.
Flavor: r-devel-windows-x86_64-gcc10-UCRT

Version: 1.6.5
Check: PDF version of manual without hyperrefs or index
Result: ERROR
    Re-running with no redirection of stdout/stderr.
Flavor: r-devel-windows-x86_64-gcc10-UCRT