CRAN Package Check Results for Package geodist

Last updated on 2021-07-24 07:49:26 CEST.

Flavor Version Tinstall Tcheck Ttotal Status Flags
r-devel-linux-x86_64-debian-clang 0.0.7 6.09 27.40 33.49 NOTE
r-devel-linux-x86_64-debian-gcc 0.0.7 4.52 21.62 26.14 NOTE
r-devel-linux-x86_64-fedora-clang 0.0.7 50.46 NOTE
r-devel-linux-x86_64-fedora-gcc 0.0.7 39.99 NOTE
r-devel-windows-x86_64 0.0.7 12.00 35.00 47.00 NOTE
r-devel-windows-x86_64-gcc10-UCRT 0.0.7 NOTE
r-patched-linux-x86_64 0.0.7 5.64 26.40 32.04 NOTE
r-patched-solaris-x86 0.0.7 60.00 NOTE
r-release-linux-x86_64 0.0.7 4.92 26.42 31.34 NOTE
r-release-macos-arm64 0.0.7 NOTE
r-release-macos-x86_64 0.0.7 NOTE
r-release-windows-ix86+x86_64 0.0.7 23.00 40.00 63.00 NOTE
r-oldrel-macos-x86_64 0.0.7 OK
r-oldrel-windows-ix86+x86_64 0.0.7 53.00 56.00 109.00 OK

Check Details

Version: 0.0.7
Check: LazyData
Result: NOTE
     'LazyData' is specified without a 'data' directory
Flavors: r-devel-linux-x86_64-debian-clang, r-devel-linux-x86_64-debian-gcc, r-devel-linux-x86_64-fedora-clang, r-devel-linux-x86_64-fedora-gcc, r-devel-windows-x86_64, r-devel-windows-x86_64-gcc10-UCRT, r-patched-linux-x86_64, r-patched-solaris-x86, r-release-linux-x86_64, r-release-macos-arm64, r-release-macos-x86_64, r-release-windows-ix86+x86_64