CRAN Package Check Results for Package geocmeans

Last updated on 2021-09-18 05:02:32 CEST.

Flavor Version Tinstall Tcheck Ttotal Status Flags
r-devel-linux-x86_64-debian-clang 0.2.0 127.62 640.43 768.05 OK
r-devel-linux-x86_64-debian-gcc 0.2.0 86.79 429.69 516.48 OK
r-devel-linux-x86_64-fedora-clang 0.2.0 762.20 NOTE
r-devel-linux-x86_64-fedora-gcc 0.2.0 710.84 NOTE
r-devel-windows-x86_64 0.2.0 117.00 723.00 840.00 NOTE
r-devel-windows-x86_64-gcc10-UCRT 0.2.0 NOTE
r-patched-linux-x86_64 0.2.0 105.68 584.46 690.14 OK
r-patched-solaris-x86 0.2.0 954.10 NOTE
r-release-linux-x86_64 0.2.0 104.06 581.79 685.85 OK
r-release-macos-arm64 0.2.0 NOTE
r-release-macos-x86_64 0.2.0 NOTE
r-release-windows-ix86+x86_64 0.2.0 288.00 638.00 926.00 NOTE
r-oldrel-macos-x86_64 0.2.0 NOTE
r-oldrel-windows-ix86+x86_64 0.2.0 288.00 705.00 993.00 NOTE

Check Details

Version: 0.2.0
Check: installed package size
Result: NOTE
     installed size is 8.9Mb
     sub-directories of 1Mb or more:
     data 2.3Mb
     doc 1.9Mb
     libs 3.5Mb
Flavors: r-devel-linux-x86_64-fedora-clang, r-devel-windows-x86_64, r-patched-solaris-x86, r-release-macos-arm64, r-release-macos-x86_64, r-release-windows-ix86+x86_64, r-oldrel-macos-x86_64, r-oldrel-windows-ix86+x86_64

Version: 0.2.0
Check: dependencies in R code
Result: NOTE
    Namespace in Imports field not imported from: ‘rgdal’
     All declared Imports should be used.
Flavors: r-devel-linux-x86_64-fedora-clang, r-devel-linux-x86_64-fedora-gcc, r-devel-windows-x86_64-gcc10-UCRT, r-patched-solaris-x86, r-release-macos-arm64, r-release-macos-x86_64, r-oldrel-macos-x86_64