CRAN Package Check Results for Package geoR

Last updated on 2021-09-17 04:49:20 CEST.

Flavor Version Tinstall Tcheck Ttotal Status Flags
r-devel-linux-x86_64-debian-clang 1.8-1 37.37 169.04 206.41 OK
r-devel-linux-x86_64-debian-gcc 1.8-1 25.33 123.67 149.00 OK
r-devel-linux-x86_64-fedora-clang 1.8-1 256.32 NOTE
r-devel-linux-x86_64-fedora-gcc 1.8-1 244.75 OK
r-devel-windows-x86_64 1.8-1 27.00 173.00 200.00 OK
r-devel-windows-x86_64-gcc10-UCRT 1.8-1 OK
r-patched-linux-x86_64 1.8-1 37.50 163.62 201.12 OK
r-patched-solaris-x86 1.8-1 308.00 OK
r-release-linux-x86_64 1.8-1 34.12 165.42 199.54 OK
r-release-macos-arm64 1.8-1 OK
r-release-macos-x86_64 1.8-1 OK
r-release-windows-ix86+x86_64 1.8-1 46.00 160.00 206.00 OK
r-oldrel-macos-x86_64 1.8-1 OK
r-oldrel-windows-ix86+x86_64 1.8-1 28.00 206.00 234.00 OK

Check Details

Version: 1.8-1
Check: Rd cross-references
Result: NOTE
    Undeclared package ‘car’ in Rd xrefs
Flavor: r-devel-linux-x86_64-fedora-clang