CRAN Package Check Results for Package genius

Last updated on 2021-08-03 07:54:23 CEST.

Flavor Version Tinstall Tcheck Ttotal Status Flags
r-devel-linux-x86_64-debian-clang 2.2.3 10.01 82.40 92.41 OK
r-devel-linux-x86_64-debian-gcc 2.2.3 7.72 61.35 69.07 OK
r-devel-linux-x86_64-fedora-clang 2.2.3 119.97 OK
r-devel-linux-x86_64-fedora-gcc 2.2.3 105.55 OK
r-devel-windows-x86_64 2.2.3 13.00 101.00 114.00 OK
r-devel-windows-x86_64-gcc10-UCRT 2.2.3 OK
r-patched-linux-x86_64 2.2.3 10.09 76.92 87.01 OK
r-patched-solaris-x86 2.2.3 156.40 OK
r-release-linux-x86_64 2.2.3 6.61 76.37 82.98 OK
r-release-macos-arm64 2.2.3 OK
r-release-macos-x86_64 2.2.3 OK
r-release-windows-ix86+x86_64 2.2.3 23.00 98.00 121.00 OK
r-oldrel-macos-x86_64 2.2.3 OK
r-oldrel-windows-ix86+x86_64 2.2.3 3.00 7.00 10.00 ERROR

Check Details

Version: 2.2.3
Check: whether package can be installed
Result: ERROR
    Installation failed.
Flavor: r-oldrel-windows-ix86+x86_64