Last updated on 2023-02-08 15:52:42 CET.
Flavor | Version | Tinstall | Tcheck | Ttotal | Status | Flags |
---|---|---|---|---|---|---|
r-devel-linux-x86_64-debian-clang | 0.4.0 | 13.77 | 170.55 | 184.32 | OK | |
r-devel-linux-x86_64-debian-gcc | 0.4.0 | 11.23 | 124.39 | 135.62 | OK | |
r-devel-linux-x86_64-fedora-clang | 0.4.0 | 221.88 | NOTE | |||
r-devel-linux-x86_64-fedora-gcc | 0.4.0 | 233.80 | NOTE | |||
r-devel-windows-x86_64 | 0.4.0 | 29.00 | 182.00 | 211.00 | OK | |
r-patched-linux-x86_64 | 0.4.0 | 13.26 | 160.81 | 174.07 | OK | |
r-release-linux-x86_64 | 0.4.0 | 11.21 | 161.81 | 173.02 | OK | |
r-release-macos-arm64 | 0.4.0 | 37.00 | NOTE | |||
r-release-macos-x86_64 | 0.4.0 | 69.00 | NOTE | |||
r-release-windows-x86_64 | 0.4.0 | 32.00 | 203.00 | 235.00 | OK | |
r-oldrel-macos-arm64 | 0.4.0 | 42.00 | NOTE | |||
r-oldrel-macos-x86_64 | 0.4.0 | 71.00 | NOTE | |||
r-oldrel-windows-ix86+x86_64 | 0.4.0 | 44.00 | 188.00 | 232.00 | OK |
Version: 0.4.0
Check: dependencies in R code
Result: NOTE
Namespaces in Imports field not imported from:
‘GGEBiplots’ ‘calibrate’ ‘graphics’ ‘matrixStats’ ‘prettydoc’
‘reshape2’
All declared Imports should be used.
Flavors: r-devel-linux-x86_64-fedora-clang, r-devel-linux-x86_64-fedora-gcc, r-release-macos-arm64, r-release-macos-x86_64, r-oldrel-macos-arm64, r-oldrel-macos-x86_64