CRAN Package Check Results for Package gen3sis

Last updated on 2021-08-03 07:54:23 CEST.

Flavor Version Tinstall Tcheck Ttotal Status Flags
r-devel-linux-x86_64-debian-clang 1.3 50.44 169.37 219.81 OK
r-devel-linux-x86_64-debian-gcc 1.3 31.34 129.75 161.09 OK
r-devel-linux-x86_64-fedora-clang 1.3 278.11 NOTE
r-devel-linux-x86_64-fedora-gcc 1.3 273.49 NOTE
r-devel-windows-x86_64 1.3 41.00 204.00 245.00 NOTE
r-devel-windows-x86_64-gcc10-UCRT 1.3 NOTE
r-patched-linux-x86_64 1.3 43.20 165.01 208.21 OK
r-patched-solaris-x86 1.3 337.50 NOTE
r-release-linux-x86_64 1.3 39.49 163.84 203.33 OK
r-release-macos-arm64 1.3 NOTE
r-release-macos-x86_64 1.3 NOTE
r-release-windows-ix86+x86_64 1.3 103.00 274.00 377.00 NOTE
r-oldrel-macos-x86_64 1.3 NOTE
r-oldrel-windows-ix86+x86_64 1.3 70.00 284.00 354.00 NOTE

Check Details

Version: 1.3
Check: installed package size
Result: NOTE
     installed size is 6.6Mb
     sub-directories of 1Mb or more:
     doc 1.3Mb
     extdata 3.5Mb
     libs 1.4Mb
Flavors: r-devel-linux-x86_64-fedora-clang, r-devel-windows-x86_64, r-patched-solaris-x86, r-release-macos-arm64, r-release-macos-x86_64, r-release-windows-ix86+x86_64, r-oldrel-macos-x86_64, r-oldrel-windows-ix86+x86_64

Version: 1.3
Check: dependencies in R code
Result: NOTE
    Namespace in Imports field not imported from: ‘sp’
     All declared Imports should be used.
Flavors: r-devel-linux-x86_64-fedora-clang, r-devel-linux-x86_64-fedora-gcc, r-devel-windows-x86_64-gcc10-UCRT, r-patched-solaris-x86, r-release-macos-arm64, r-release-macos-x86_64, r-oldrel-macos-x86_64