CRAN Package Check Results for Package gen2stage

Last updated on 2021-12-07 23:54:29 CET.

Flavor Version Tinstall Tcheck Ttotal Status Flags
r-devel-linux-x86_64-debian-clang 1.0 2.21 32.79 35.00 NOTE
r-devel-linux-x86_64-debian-gcc 1.0 1.67 26.32 27.99 NOTE
r-devel-linux-x86_64-fedora-clang 1.0 46.75 NOTE
r-devel-linux-x86_64-fedora-gcc 1.0 33.44 NOTE
r-devel-windows-x86_64-new-UL 1.0 5.00 61.00 66.00 NOTE
r-devel-windows-x86_64-new-TK 1.0 NOTE
r-devel-windows-x86_64-old 1.0 6.00 44.00 50.00 NOTE
r-patched-linux-x86_64 1.0 2.25 31.79 34.04 NOTE
r-release-linux-x86_64 1.0 2.04 31.99 34.03 NOTE
r-release-macos-arm64 1.0 NOTE
r-release-macos-x86_64 1.0 NOTE
r-release-windows-ix86+x86_64 1.0 5.00 47.00 52.00 NOTE
r-oldrel-macos-x86_64 1.0 OK
r-oldrel-windows-ix86+x86_64 1.0 7.00 44.00 51.00 OK

Check Details

Version: 1.0
Check: LazyData
Result: NOTE
     'LazyData' is specified without a 'data' directory
Flavors: r-devel-linux-x86_64-debian-clang, r-devel-linux-x86_64-debian-gcc, r-devel-linux-x86_64-fedora-clang, r-devel-linux-x86_64-fedora-gcc, r-devel-windows-x86_64-new-UL, r-devel-windows-x86_64-new-TK, r-devel-windows-x86_64-old, r-patched-linux-x86_64, r-release-linux-x86_64, r-release-macos-arm64, r-release-macos-x86_64, r-release-windows-ix86+x86_64