CRAN Package Check Results for Package gbp

Last updated on 2022-01-22 00:48:25 CET.

Flavor Version Tinstall Tcheck Ttotal Status Flags
r-devel-linux-x86_64-debian-clang 0.1.0.4 259.70 74.43 334.13 NOTE
r-devel-linux-x86_64-debian-gcc 0.1.0.4 215.83 56.28 272.11 NOTE
r-devel-linux-x86_64-fedora-clang 0.1.0.4 540.80 NOTE
r-devel-linux-x86_64-fedora-gcc 0.1.0.4 474.08 NOTE
r-devel-windows-x86_64-new-UL 0.1.0.4 232.00 130.00 362.00 NOTE
r-devel-windows-x86_64-new-TK 0.1.0.4 NOTE
r-patched-linux-x86_64 0.1.0.4 240.37 69.31 309.68 NOTE
r-release-linux-x86_64 0.1.0.4 239.64 69.30 308.94 NOTE
r-release-macos-arm64 0.1.0.4 NOTE
r-release-macos-x86_64 0.1.0.4 NOTE
r-release-windows-ix86+x86_64 0.1.0.4 696.00 135.00 831.00 NOTE
r-oldrel-macos-x86_64 0.1.0.4 NOTE
r-oldrel-windows-ix86+x86_64 0.1.0.4 690.00 136.00 826.00 NOTE

Check Details

Version: 0.1.0.4
Check: LazyData
Result: NOTE
     'LazyData' is specified without a 'data' directory
Flavors: r-devel-linux-x86_64-debian-clang, r-devel-linux-x86_64-debian-gcc, r-devel-linux-x86_64-fedora-clang, r-devel-linux-x86_64-fedora-gcc, r-devel-windows-x86_64-new-UL, r-devel-windows-x86_64-new-TK, r-patched-linux-x86_64, r-release-linux-x86_64, r-release-macos-arm64, r-release-macos-x86_64, r-release-windows-ix86+x86_64

Version: 0.1.0.4
Check: for GNU extensions in Makefiles
Result: NOTE
    GNU make is a SystemRequirements.
Flavors: r-devel-linux-x86_64-debian-clang, r-devel-linux-x86_64-debian-gcc, r-devel-linux-x86_64-fedora-clang, r-devel-linux-x86_64-fedora-gcc, r-devel-windows-x86_64-new-UL, r-devel-windows-x86_64-new-TK, r-patched-linux-x86_64, r-release-linux-x86_64, r-release-macos-arm64, r-release-macos-x86_64, r-release-windows-ix86+x86_64, r-oldrel-macos-x86_64, r-oldrel-windows-ix86+x86_64

Version: 0.1.0.4
Check: installed package size
Result: NOTE
     installed size is 15.7Mb
     sub-directories of 1Mb or more:
     doc 1.2Mb
     libs 14.3Mb
Flavors: r-devel-linux-x86_64-fedora-clang, r-release-macos-arm64, r-release-macos-x86_64, r-release-windows-ix86+x86_64, r-oldrel-macos-x86_64, r-oldrel-windows-ix86+x86_64

Version: 0.1.0.4
Check: compiled code
Result: NOTE
    File ‘gbp/libs/gbp.so’:
     Found no calls to: ‘R_registerRoutines’, ‘R_useDynamicSymbols’
    
    It is good practice to register native routines and to disable symbol
    search.
    
    See ‘Writing portable packages’ in the ‘Writing R Extensions’ manual.
Flavors: r-devel-linux-x86_64-fedora-clang, r-devel-linux-x86_64-fedora-gcc