CRAN Package Check Results for Package gaselect

Last updated on 2021-10-21 04:58:31 CEST.

Flavor Version Tinstall Tcheck Ttotal Status Flags
r-devel-linux-x86_64-debian-clang 1.0.9 150.06 57.47 207.53 OK
r-devel-linux-x86_64-debian-gcc 1.0.9 112.75 43.98 156.73 OK
r-devel-linux-x86_64-fedora-clang 1.0.9 341.13 OK
r-devel-linux-x86_64-fedora-gcc 1.0.9 305.13 OK
r-devel-windows-x86_64 1.0.9 194.00 94.00 288.00 OK
r-devel-windows-x86_64-gcc10-UCRT 1.0.9 OK
r-patched-linux-x86_64 1.0.9 144.41 58.94 203.35 OK
r-patched-solaris-x86 1.0.9 258.70 OK
r-release-linux-x86_64 1.0.9 138.39 58.21 196.60 OK
r-release-macos-arm64 1.0.9 NOTE
r-release-macos-x86_64 1.0.9 OK
r-release-windows-ix86+x86_64 1.0.9 292.00 133.00 425.00 OK
r-oldrel-macos-x86_64 1.0.9 OK
r-oldrel-windows-ix86+x86_64 1.0.9 394.00 138.00 532.00 OK

Check Details

Version: 1.0.9
Check: installed package size
Result: NOTE
     installed size is 5.5Mb
     sub-directories of 1Mb or more:
     libs 5.3Mb
Flavor: r-release-macos-arm64