CRAN Package Check Results for Package gamreg

Last updated on 2021-11-29 23:50:38 CET.

Flavor Version Tinstall Tcheck Ttotal Status Flags
r-devel-linux-x86_64-debian-clang 0.3 42.69 86.44 129.13 NOTE
r-devel-linux-x86_64-debian-gcc 0.3 29.33 64.73 94.06 NOTE
r-devel-linux-x86_64-fedora-clang 0.3 176.53 NOTE
r-devel-linux-x86_64-fedora-gcc 0.3 158.56 NOTE
r-devel-windows-x86_64-new-UL 0.3 66.00 142.00 208.00 NOTE
r-devel-windows-x86_64-new-TK 0.3 NOTE
r-devel-windows-x86_64-old 0.3 59.00 85.00 144.00 NOTE
r-patched-linux-x86_64 0.3 40.02 79.70 119.72 NOTE
r-patched-solaris-x86 0.3 190.00 NOTE
r-release-linux-x86_64 0.3 35.04 80.16 115.20 NOTE
r-release-macos-arm64 0.3 NOTE
r-release-macos-x86_64 0.3 NOTE
r-release-windows-ix86+x86_64 0.3 110.00 147.00 257.00 NOTE
r-oldrel-macos-x86_64 0.3 OK
r-oldrel-windows-ix86+x86_64 0.3 83.00 109.00 192.00 OK

Check Details

Version: 0.3
Check: LazyData
Result: NOTE
     'LazyData' is specified without a 'data' directory
Flavors: r-devel-linux-x86_64-debian-clang, r-devel-linux-x86_64-debian-gcc, r-devel-linux-x86_64-fedora-clang, r-devel-linux-x86_64-fedora-gcc, r-devel-windows-x86_64-new-UL, r-devel-windows-x86_64-new-TK, r-devel-windows-x86_64-old, r-patched-linux-x86_64, r-patched-solaris-x86, r-release-linux-x86_64, r-release-macos-arm64, r-release-macos-x86_64, r-release-windows-ix86+x86_64