Last updated on 2023-02-04 17:52:31 CET.
Flavor | Version | Tinstall | Tcheck | Ttotal | Status | Flags |
---|---|---|---|---|---|---|
r-devel-linux-x86_64-debian-clang | 1.0.3 | 10.69 | 134.79 | 145.48 | OK | |
r-devel-linux-x86_64-debian-gcc | 1.0.3 | 8.34 | 97.35 | 105.69 | OK | |
r-devel-linux-x86_64-fedora-clang | 1.0.3 | 180.00 | NOTE | |||
r-devel-linux-x86_64-fedora-gcc | 1.0.3 | 208.11 | OK | |||
r-devel-windows-x86_64 | 1.0.3 | 118.00 | 238.00 | 356.00 | OK | |
r-patched-linux-x86_64 | 1.0.3 | 10.90 | 126.10 | 137.00 | OK | |
r-release-linux-x86_64 | 1.0.3 | 11.69 | 120.51 | 132.20 | OK | |
r-release-macos-arm64 | 1.0.3 | 58.00 | OK | |||
r-release-macos-x86_64 | 1.0.3 | 76.00 | OK | |||
r-release-windows-x86_64 | 1.0.3 | 99.00 | 248.00 | 347.00 | OK | |
r-oldrel-macos-arm64 | 1.0.3 | 50.00 | OK | |||
r-oldrel-macos-x86_64 | 1.0.3 | 75.00 | OK | |||
r-oldrel-windows-ix86+x86_64 | 1.0.3 | 23.00 | 172.00 | 195.00 | OK |
Version: 1.0.3
Check: Rd cross-references
Result: NOTE
Undeclared package ‘hyperSpec’ in Rd xrefs
Flavor: r-devel-linux-x86_64-fedora-clang