CRAN Package Check Results for Package gamma

Last updated on 2022-01-27 12:53:49 CET.

Flavor Version Tinstall Tcheck Ttotal Status Flags
r-devel-linux-x86_64-debian-clang 1.0.1 8.55 127.49 136.04 OK
r-devel-linux-x86_64-debian-gcc 1.0.1 8.02 93.40 101.42 OK
r-devel-linux-x86_64-fedora-clang 1.0.1 156.82 NOTE
r-devel-linux-x86_64-fedora-gcc 1.0.1 149.45 OK
r-devel-windows-x86_64-new-UL 1.0.1 141.00 226.00 367.00 OK
r-devel-windows-x86_64-new-TK 1.0.1 OK
r-patched-linux-x86_64 1.0.1 11.74 116.09 127.83 OK
r-release-linux-x86_64 1.0.1 7.46 114.76 122.22 OK
r-release-macos-arm64 1.0.1 OK
r-release-macos-x86_64 1.0.1 OK
r-release-windows-ix86+x86_64 1.0.1 23.00 164.00 187.00 OK
r-oldrel-macos-x86_64 1.0.1 OK
r-oldrel-windows-ix86+x86_64 1.0.1 22.00 165.00 187.00 OK

Check Details

Version: 1.0.1
Check: Rd cross-references
Result: NOTE
    Undeclared package ‘hyperSpec’ in Rd xrefs
Flavor: r-devel-linux-x86_64-fedora-clang